CRAN Package Check Results for Package robustrank

Last updated on 2023-12-09 04:51:05 CET.

Flavor Version Tinstall Tcheck Ttotal Status Flags
r-devel-linux-x86_64-debian-clang 2019.9-10 8.03 43.96 51.99 NOTE
r-devel-linux-x86_64-debian-gcc 2019.9-10 6.92 33.85 40.77 NOTE
r-devel-linux-x86_64-fedora-clang 2019.9-10 67.37 NOTE
r-devel-linux-x86_64-fedora-gcc 2019.9-10 67.58 NOTE
r-devel-windows-x86_64 2019.9-10 10.00 55.00 65.00 NOTE
r-patched-linux-x86_64 2019.9-10 6.98 43.87 50.85 OK
r-release-linux-x86_64 2019.9-10 8.23 43.21 51.44 OK
r-release-macos-arm64 2019.9-10 25.00 OK
r-release-macos-x86_64 2019.9-10 33.00 OK
r-release-windows-x86_64 2019.9-10 12.00 62.00 74.00 OK
r-oldrel-macos-arm64 2019.9-10 23.00 OK
r-oldrel-macos-x86_64 2019.9-10 34.00 OK
r-oldrel-windows-x86_64 2019.9-10 13.00 64.00 77.00 OK

Check Details

Version: 2019.9-10
Check: Rd contents
Result: NOTE Argument items with no description in Rd file 'choose.test.Rd': ‘Xpaired’ ‘Ypaired’ ‘Xextra’ ‘Yextra’ ‘mc.rep’ Argument items with no description in Rd file 'multinom.test.Rd': ‘X’ ‘Y’ ‘alternative’ ‘correct’ ‘perm’ ‘mc.rep’ ‘method’ ‘verbose’ ‘mode’ ‘useC’ Argument items with no description in Rd file 'mw.mw.2.perm.Rd': ‘X’ ‘Y’ ‘Xprime’ ‘Yprime’ ‘.corr’ ‘mc.rep’ ‘alternative’ ‘verbose’ Argument items with no description in Rd file 'pm.wilcox.test.Rd': ‘Xpaired’ ‘Ypaired’ ‘Xextra’ ‘Yextra’ ‘alternative’ ‘verbose’ Argument items with no description in Rd file 'sim.partially.matched.Rd': ‘meanRatio’ ‘sdRatio’ ‘within.sd’ ‘type’ ‘hyp’ Argument items with no description in Rd file 'wmw.paired.replicates.test.Rd': ‘X’ ‘Y’ ‘alternative’ ‘correct’ ‘perm’ ‘mc.rep’ ‘method’ ‘verbose’ ‘mode’ ‘useC’ Flavors: r-devel-linux-x86_64-debian-clang, r-devel-linux-x86_64-debian-gcc, r-devel-linux-x86_64-fedora-clang, r-devel-linux-x86_64-fedora-gcc, r-devel-windows-x86_64