CRAN Package Check Results for Package robustlmm

Last updated on 2024-07-22 05:50:01 CEST.

Flavor Version Tinstall Tcheck Ttotal Status Flags
r-devel-linux-x86_64-debian-clang 3.3-1 63.28 378.04 441.32 OK
r-devel-linux-x86_64-debian-gcc 3.3-1 41.38 284.00 325.38 NOTE
r-devel-linux-x86_64-fedora-clang 3.3-1 594.59 OK
r-devel-linux-x86_64-fedora-gcc 3.3-1 566.37 OK
r-devel-windows-x86_64 3.3-1 54.00 327.00 381.00 NOTE
r-patched-linux-x86_64 3.3-1 71.54 365.62 437.16 OK
r-release-linux-x86_64 3.3-1 54.57 367.37 421.94 OK
r-release-macos-arm64 3.3-1 156.00 NOTE
r-release-macos-x86_64 3.3-1 222.00 NOTE
r-release-windows-x86_64 3.3-1 63.00 328.00 391.00 NOTE
r-oldrel-macos-arm64 3.3-1 173.00 NOTE
r-oldrel-macos-x86_64 3.3-1 321.00 NOTE
r-oldrel-windows-x86_64 3.3-1 79.00 410.00 489.00 NOTE

Check Details

Version: 3.3-1
Check: Rd cross-references
Result: NOTE Found the following Rd file(s) with Rd \link{} targets missing package anchors: compare.Rd: xtable, print.xtable fitDatasets.Rd: lmer getME.Rd: merMod-class, fixef, glmer, glmerControl, ranef prepareMixedEffectDataset.Rd: lmer processFit.Rd: lmer rlmer.Rd: lmer rlmerMod-class.Rd: lmer, fixef.merMod, isGLMM, isLMM, isNLMM, isREML, predict.merMod, ranef.merMod, VarCorr.merMod, merMod robustlmm-package.Rd: lmer, lme4 Please provide package anchors for all Rd \link{} targets not in the package itself and the base packages. Flavors: r-devel-linux-x86_64-debian-gcc, r-devel-windows-x86_64

Version: 3.3-1
Check: installed package size
Result: NOTE installed size is 5.3Mb sub-directories of 1Mb or more: doc 1.7Mb libs 1.3Mb simulationStudy 1.6Mb Flavors: r-devel-windows-x86_64, r-release-macos-arm64, r-release-macos-x86_64, r-release-windows-x86_64, r-oldrel-macos-arm64, r-oldrel-macos-x86_64, r-oldrel-windows-x86_64