Last updated on 2023-12-07 04:56:35 CET.
Flavor | Version | Tinstall | Tcheck | Ttotal | Status | Flags |
---|---|---|---|---|---|---|
r-devel-linux-x86_64-debian-clang | 3.2-5 | 71.95 | 370.91 | 442.86 | OK | |
r-devel-linux-x86_64-debian-gcc | 3.2-5 | 58.73 | 283.05 | 341.78 | OK | |
r-devel-linux-x86_64-fedora-clang | 3.2-5 | 601.49 | OK | |||
r-devel-linux-x86_64-fedora-gcc | 3.2-5 | 610.66 | OK | |||
r-devel-windows-x86_64 | 3.2-5 | 62.00 | 335.00 | 397.00 | NOTE | |
r-patched-linux-x86_64 | 3.2-5 | 61.56 | 357.20 | 418.76 | OK | |
r-release-linux-x86_64 | 3.2-5 | 57.12 | 359.90 | 417.02 | OK | |
r-release-macos-arm64 | 3.2-5 | 172.00 | NOTE | |||
r-release-macos-x86_64 | 3.2-5 | 447.00 | NOTE | |||
r-release-windows-x86_64 | 3.2-5 | 80.00 | 413.00 | 493.00 | NOTE | |
r-oldrel-macos-arm64 | 3.2-5 | 176.00 | NOTE | |||
r-oldrel-macos-x86_64 | 3.2-3 | 250.00 | NOTE | |||
r-oldrel-windows-x86_64 | 3.2-5 | 76.00 | 412.00 | 488.00 | NOTE |
Version: 3.2-5
Check: installed package size
Result: NOTE
installed size is 5.4Mb
sub-directories of 1Mb or more:
doc 1.7Mb
libs 1.3Mb
simulationStudy 1.6Mb
Flavors: r-devel-windows-x86_64, r-release-macos-arm64, r-release-macos-x86_64, r-release-windows-x86_64, r-oldrel-macos-arm64, r-oldrel-windows-x86_64
Version: 3.2-3
Check: installed package size
Result: NOTE
installed size is 9.4Mb
sub-directories of 1Mb or more:
doc 1.7Mb
libs 5.3Mb
simulationStudy 1.5Mb
Flavor: r-oldrel-macos-x86_64