CRAN Package Check Results for Package robustcov

Last updated on 2024-02-21 04:55:50 CET.

Flavor Version Tinstall Tcheck Ttotal Status Flags
r-devel-linux-x86_64-debian-clang 0.1 NOTE
r-devel-linux-x86_64-debian-gcc 0.1 85.74 95.02 180.76 NOTE
r-devel-linux-x86_64-fedora-clang 0.1 339.43 NOTE
r-devel-linux-x86_64-fedora-gcc 0.1 322.10 NOTE
r-devel-windows-x86_64 0.1 89.00 122.00 211.00 NOTE
r-patched-linux-x86_64 0.1 94.36 121.43 215.79 NOTE
r-release-linux-x86_64 0.1 85.70 121.57 207.27 NOTE
r-release-macos-arm64 0.1 83.00 NOTE
r-release-macos-x86_64 0.1 141.00 NOTE
r-release-windows-x86_64 0.1 114.00 155.00 269.00 NOTE
r-oldrel-macos-arm64 0.1 71.00 OK
r-oldrel-windows-x86_64 0.1 112.00 153.00 265.00 OK

Check Details

Version: 0.1
Check: C++ specification
Result: NOTE Specified C++11: please drop specification unless essential Flavors: r-devel-linux-x86_64-debian-clang, r-devel-linux-x86_64-debian-gcc, r-devel-linux-x86_64-fedora-clang, r-devel-linux-x86_64-fedora-gcc, r-devel-windows-x86_64, r-patched-linux-x86_64, r-release-linux-x86_64, r-release-macos-arm64, r-release-macos-x86_64, r-release-windows-x86_64