Last updated on 2023-11-30 04:53:05 CET.
Flavor | Version | Tinstall | Tcheck | Ttotal | Status | Flags |
---|---|---|---|---|---|---|
r-devel-linux-x86_64-debian-clang | 0.5-2 | 8.40 | 83.74 | 92.14 | NOTE | |
r-devel-linux-x86_64-debian-gcc | 0.5-2 | 6.57 | 63.23 | 69.80 | NOTE | |
r-devel-linux-x86_64-fedora-clang | 0.5-2 | 115.84 | OK | |||
r-devel-linux-x86_64-fedora-gcc | 0.5-2 | 121.63 | OK | |||
r-devel-windows-x86_64 | 0.5-2 | 14.00 | 99.00 | 113.00 | OK | |
r-patched-linux-x86_64 | 0.5-2 | 16.84 | 79.22 | 96.06 | OK | |
r-release-linux-x86_64 | 0.5-2 | 7.29 | 80.94 | 88.23 | OK | |
r-release-macos-arm64 | 0.5-2 | 49.00 | OK | |||
r-release-macos-x86_64 | 0.5-2 | 74.00 | OK | |||
r-release-windows-x86_64 | 0.5-2 | 17.00 | 113.00 | 130.00 | OK | |
r-oldrel-macos-arm64 | 0.5-2 | 38.00 | OK | |||
r-oldrel-macos-x86_64 | 0.5-2 | 48.00 | OK | |||
r-oldrel-windows-x86_64 | 0.5-2 | 16.00 | 118.00 | 134.00 | OK |
Version: 0.5-2
Check: Rd files
Result: NOTE
checkRd: (-1) weighted_median_line.Rd:34: Lost braces; missing escapes or markup?
34 | {m([y - m(y, w)][x - m(x, w)], w) / m([x - m(x, w)]^2, w).}
| ^
Flavors: r-devel-linux-x86_64-debian-clang, r-devel-linux-x86_64-debian-gcc