CRAN Package Check Results for Package roboBayes

Last updated on 2024-02-26 04:49:38 CET.

Flavor Version Tinstall Tcheck Ttotal Status Flags
r-devel-linux-x86_64-debian-clang 1.2 212.35 30.62 242.97 OK
r-devel-linux-x86_64-debian-gcc 1.2 162.35 23.44 185.79 OK
r-devel-linux-x86_64-fedora-clang 1.2 376.62 OK
r-devel-linux-x86_64-fedora-gcc 1.2 370.23 OK
r-devel-windows-x86_64 1.2 157.00 71.00 228.00 OK
r-patched-linux-x86_64 1.2 203.57 29.98 233.55 OK
r-release-linux-x86_64 1.2 191.89 30.28 222.17 OK
r-release-macos-arm64 1.2 68.00 NOTE
r-release-macos-x86_64 1.2 87.00 NOTE
r-release-windows-x86_64 1.2 199.00 77.00 276.00 OK
r-oldrel-macos-arm64 1.2 68.00 NOTE
r-oldrel-windows-x86_64 1.2 190.00 74.00 264.00 OK

Check Details

Version: 1.2
Check: installed package size
Result: NOTE installed size is 6.9Mb sub-directories of 1Mb or more: libs 6.8Mb Flavors: r-release-macos-arm64, r-release-macos-x86_64, r-oldrel-macos-arm64