Last updated on 2023-12-04 05:09:19 CET.
Flavor | Version | Tinstall | Tcheck | Ttotal | Status | Flags |
---|---|---|---|---|---|---|
r-devel-linux-x86_64-debian-clang | 1.4.6 | 33.39 | 236.63 | 270.02 | NOTE | |
r-devel-linux-x86_64-debian-gcc | 1.4.6 | 30.24 | 173.26 | 203.50 | NOTE | |
r-devel-linux-x86_64-fedora-clang | 1.4.6 | 341.77 | OK | |||
r-devel-linux-x86_64-fedora-gcc | 1.4.6 | 334.70 | OK | |||
r-devel-windows-x86_64 | 1.4.6 | 30.00 | 168.00 | 198.00 | OK | |
r-patched-linux-x86_64 | 1.4.6 | 33.17 | 223.00 | 256.17 | OK | |
r-release-linux-x86_64 | 1.4.6 | 28.16 | 224.85 | 253.01 | OK | |
r-release-macos-arm64 | 1.4.6 | 83.00 | OK | |||
r-release-macos-x86_64 | 1.4.6 | 146.00 | OK | |||
r-release-windows-x86_64 | 1.4.6 | 41.00 | 213.00 | 254.00 | OK | |
r-oldrel-macos-arm64 | 1.4.6 | 77.00 | OK | |||
r-oldrel-macos-x86_64 | 1.4.6 | 129.00 | OK | |||
r-oldrel-windows-x86_64 | 1.4.6 | 42.00 | 213.00 | 255.00 | OK |
Version: 1.4.6
Check: Rd files
Result: NOTE
checkRd: (-1) mgraph.Rd:62: Lost braces
62 | \item{TC}{target class (for multi-class classification class) within {1,...,\emph{Nc}}, where \emph{Nc} is the number of classes. If multi-class and TC==-1 then TC is set to
| ^
checkRd: (-1) mmetric.Rd:112: Lost braces
112 | \item{TC}{target class index or vector of indexes (for multi-class classification class) within {1,...,\emph{Nc}}, where \emph{Nc} is the number of classes:<cr>
| ^
checkRd: (-1) mparheuristic.Rd:27: Lost braces
27 | except for SVM several \code{rbfdot} kernel based models (\code{"ksvm"},\code{"rsvm"},\code{"lssvm"}, which can assume \code{2^}{search-range}; please check the result of this function to confirm if the search is linear or \code{2^}{search-range}).
| ^
checkRd: (-1) mparheuristic.Rd:27: Lost braces
27 | except for SVM several \code{rbfdot} kernel based models (\code{"ksvm"},\code{"rsvm"},\code{"lssvm"}, which can assume \code{2^}{search-range}; please check the result of this function to confirm if the search is linear or \code{2^}{search-range}).
| ^
Flavors: r-devel-linux-x86_64-debian-clang, r-devel-linux-x86_64-debian-gcc