CRAN Package Check Results for Package rmfanova

Last updated on 2024-02-20 04:24:05 CET.

Flavor Version Tinstall Tcheck Ttotal Status Flags
r-devel-linux-x86_64-debian-clang 0.1.0 OK
r-devel-linux-x86_64-debian-gcc 0.1.0 11.90 85.99 97.89 OK
r-devel-linux-x86_64-fedora-clang 0.1.0 166.27 OK
r-devel-linux-x86_64-fedora-gcc 0.1.0 158.42 OK
r-devel-windows-x86_64 0.1.0 13.00 99.00 112.00 OK
r-patched-linux-x86_64 0.1.0 12.08 114.03 126.11 OK
r-release-linux-x86_64 0.1.0 12.32 113.68 126.00 OK
r-release-macos-arm64 0.1.0 50.00 OK
r-release-macos-x86_64 0.1.0 107.00 OK
r-release-windows-x86_64 0.1.0 16.00 120.00 136.00 OK
r-oldrel-macos-arm64 0.1.0 63.00 ERROR
r-oldrel-windows-x86_64 0.1.0 17.00 120.00 137.00 OK

Check Details

Version: 0.1.0
Check: PDF version of manual
Result: WARN LaTeX errors when creating PDF version. This typically indicates Rd problems. LaTeX errors found: ! Undefined control sequence. <argument> ... (t+(r-1))\neq \mu (t+(s-1))\ \text {for some}\ t\in [0,1],\\ ... l.380 \end{array}\right.}{} Flavor: r-oldrel-macos-arm64

Version: 0.1.0
Check: PDF version of manual without index
Result: ERROR
Flavor: r-oldrel-macos-arm64