Last updated on 2023-12-04 05:09:19 CET.
Flavor | Version | Tinstall | Tcheck | Ttotal | Status | Flags |
---|---|---|---|---|---|---|
r-devel-linux-x86_64-debian-clang | 0.5.8 | 1.48 | 29.98 | 31.46 | NOTE | |
r-devel-linux-x86_64-debian-gcc | 0.5.8 | 1.37 | 22.76 | 24.13 | NOTE | |
r-devel-linux-x86_64-fedora-clang | 0.5.8 | 41.33 | NOTE | |||
r-devel-linux-x86_64-fedora-gcc | 0.5.8 | 49.73 | NOTE | |||
r-devel-windows-x86_64 | 0.5.8 | 3.00 | 48.00 | 51.00 | NOTE | |
r-patched-linux-x86_64 | 0.5.8 | 2.60 | 28.96 | 31.56 | NOTE | |
r-release-linux-x86_64 | 0.5.8 | 1.47 | 29.06 | 30.53 | NOTE | |
r-release-macos-arm64 | 0.5.8 | 30.00 | NOTE | |||
r-release-macos-x86_64 | 0.5.8 | 34.00 | NOTE | |||
r-release-windows-x86_64 | 0.5.8 | 3.00 | 50.00 | 53.00 | NOTE | |
r-oldrel-macos-arm64 | 0.5.8 | 19.00 | NOTE | |||
r-oldrel-macos-x86_64 | 0.5.8 | 26.00 | NOTE | |||
r-oldrel-windows-x86_64 | 0.5.8 | 4.00 | 53.00 | 57.00 | NOTE |
Version: 0.5.8
Check: package subdirectories
Result: NOTE
Problems with news in ‘NEWS.md’:
No news entries found.
Flavors: r-devel-linux-x86_64-debian-clang, r-devel-linux-x86_64-debian-gcc, r-devel-linux-x86_64-fedora-clang, r-devel-linux-x86_64-fedora-gcc, r-devel-windows-x86_64, r-patched-linux-x86_64, r-release-linux-x86_64, r-release-macos-arm64, r-release-macos-x86_64, r-release-windows-x86_64
Version: 0.5.8
Check: LazyData
Result: NOTE
'LazyData' is specified without a 'data' directory
Flavors: r-devel-linux-x86_64-debian-clang, r-devel-linux-x86_64-debian-gcc, r-devel-linux-x86_64-fedora-clang, r-devel-linux-x86_64-fedora-gcc, r-devel-windows-x86_64, r-patched-linux-x86_64, r-release-linux-x86_64, r-release-macos-arm64, r-release-macos-x86_64, r-release-windows-x86_64, r-oldrel-macos-arm64, r-oldrel-macos-x86_64, r-oldrel-windows-x86_64