CRAN Package Check Results for Package rlibkriging

Last updated on 2024-02-21 04:55:50 CET.

Flavor Version Tinstall Tcheck Ttotal Status Flags
r-devel-linux-x86_64-debian-clang 0.8-0.1 NOTE
r-devel-linux-x86_64-debian-gcc 0.8-0.1 297.75 288.41 586.16 NOTE
r-devel-linux-x86_64-fedora-clang 0.8-0.1 1067.89 NOTE
r-devel-linux-x86_64-fedora-gcc 0.8-0.1 881.44 NOTE
r-devel-windows-x86_64 0.8-0.1 328.00 367.00 695.00 NOTE
r-patched-linux-x86_64 0.8-0.1 385.09 391.77 776.86 NOTE
r-release-linux-x86_64 0.8-0.1 371.59 384.22 755.81 NOTE
r-release-macos-arm64 0.8-0.1 110.00 ERROR
r-release-macos-x86_64 0.8-0.1 143.00 ERROR
r-release-windows-x86_64 0.8-0.1 416.00 461.00 877.00 NOTE
r-oldrel-macos-arm64 0.8-0.1 91.00 ERROR
r-oldrel-windows-x86_64 0.8-0.1 395.00 430.00 825.00 NOTE

Check Details

Version: 0.8-0.1
Check: for GNU extensions in Makefiles
Result: NOTE GNU make is a SystemRequirements. Flavors: r-devel-linux-x86_64-debian-clang, r-devel-linux-x86_64-debian-gcc, r-devel-linux-x86_64-fedora-clang, r-devel-linux-x86_64-fedora-gcc, r-devel-windows-x86_64, r-patched-linux-x86_64, r-release-linux-x86_64, r-release-windows-x86_64, r-oldrel-windows-x86_64

Version: 0.8-0.1
Check: installed package size
Result: NOTE installed size is 28.1Mb sub-directories of 1Mb or more: hdf5 11.8Mb include 6.4Mb lib 3.8Mb libs 5.6Mb Flavors: r-devel-linux-x86_64-fedora-clang, r-devel-windows-x86_64, r-release-windows-x86_64, r-oldrel-windows-x86_64

Version: 0.8-0.1
Check: whether package can be installed
Result: ERROR Installation failed. Flavors: r-release-macos-arm64, r-release-macos-x86_64, r-oldrel-macos-arm64