Last updated on 2023-09-22 05:53:49 CEST.
Flavor | Version | Tinstall | Tcheck | Ttotal | Status | Flags |
---|---|---|---|---|---|---|
r-devel-linux-x86_64-debian-clang | 1.1.1 | 25.59 | 325.58 | 351.17 | NOTE | |
r-devel-linux-x86_64-debian-gcc | 1.1.1 | 18.17 | 236.21 | 254.38 | NOTE | |
r-devel-linux-x86_64-fedora-clang | 1.1.1 | 416.99 | NOTE | |||
r-devel-linux-x86_64-fedora-gcc | 1.1.1 | 413.78 | NOTE | |||
r-devel-windows-x86_64 | 1.1.1 | 26.00 | 273.00 | 299.00 | NOTE | |
r-patched-linux-x86_64 | 1.1.1 | 28.99 | 305.05 | 334.04 | OK | |
r-release-linux-x86_64 | 1.1.1 | 25.57 | 308.26 | 333.83 | OK | |
r-release-macos-arm64 | 1.1.1 | 109.00 | OK | |||
r-release-macos-x86_64 | 1.1.1 | 294.00 | OK | |||
r-release-windows-x86_64 | 1.1.1 | 31.00 | 345.00 | 376.00 | OK | |
r-oldrel-macos-arm64 | 1.1.1 | 106.00 | OK | |||
r-oldrel-macos-x86_64 | 1.1.1 | 155.00 | OK | |||
r-oldrel-windows-x86_64 | 1.1.1 | 38.00 | 294.00 | 332.00 | OK |
Version: 1.1.1
Check: Rd \usage sections
Result: NOTE
Documented arguments not in \usage in documentation object 'ns_env':
‘env’
Functions with \usage entries need to have the appropriate \alias
entries, and all their arguments documented.
The \usage entries must correspond to syntactically valid R code.
See chapter ‘Writing R documentation files’ in the ‘Writing R
Extensions’ manual.
Flavors: r-devel-linux-x86_64-debian-clang, r-devel-linux-x86_64-debian-gcc, r-devel-linux-x86_64-fedora-clang, r-devel-linux-x86_64-fedora-gcc, r-devel-windows-x86_64