CRAN Package Check Results for Package rkeops

Last updated on 2023-12-07 04:56:35 CET.

Flavor Version Tinstall Tcheck Ttotal Status Flags
r-devel-linux-x86_64-debian-clang 1.4.2.2 26.75 54.59 81.34 NOTE
r-devel-linux-x86_64-debian-gcc 1.4.2.2 16.37 41.72 58.09 NOTE
r-devel-linux-x86_64-fedora-clang 1.4.2.2 114.74 NOTE
r-devel-linux-x86_64-fedora-gcc 1.4.2.2 109.12 NOTE
r-patched-linux-x86_64 1.4.2.2 20.45 51.69 72.14 NOTE
r-release-linux-x86_64 1.4.2.2 20.09 52.24 72.33 NOTE
r-release-macos-arm64 1.4.2.2 44.00 NOTE
r-release-macos-x86_64 1.4.2.2 56.00 NOTE
r-oldrel-macos-arm64 1.4.2.2 31.00 NOTE
r-oldrel-macos-x86_64 1.4.2.2 40.00 NOTE

Check Details

Version: 1.4.2.2
Check: C++ specification
Result: NOTE Specified C++11: please drop specification unless essential Flavors: r-devel-linux-x86_64-debian-clang, r-devel-linux-x86_64-debian-gcc, r-devel-linux-x86_64-fedora-clang, r-devel-linux-x86_64-fedora-gcc, r-patched-linux-x86_64, r-release-linux-x86_64, r-release-macos-arm64, r-release-macos-x86_64

Version: 1.4.2.2
Check: LazyData
Result: NOTE 'LazyData' is specified without a 'data' directory Flavors: r-devel-linux-x86_64-debian-clang, r-devel-linux-x86_64-debian-gcc, r-devel-linux-x86_64-fedora-clang, r-devel-linux-x86_64-fedora-gcc, r-patched-linux-x86_64, r-release-linux-x86_64, r-release-macos-arm64, r-release-macos-x86_64, r-oldrel-macos-arm64, r-oldrel-macos-x86_64