Last updated on 2023-12-01 04:54:07 CET.
Flavor | Version | Tinstall | Tcheck | Ttotal | Status | Flags |
---|---|---|---|---|---|---|
r-devel-linux-x86_64-debian-clang | 4-14 | 10.94 | 33.09 | 44.03 | WARN | |
r-devel-linux-x86_64-debian-gcc | 4-14 | 9.10 | 25.07 | 34.17 | OK | |
r-devel-linux-x86_64-fedora-clang | 4-15 | 59.49 | OK | |||
r-devel-linux-x86_64-fedora-gcc | 4-15 | 57.43 | OK | |||
r-devel-windows-x86_64 | 4-14 | 18.00 | 77.00 | 95.00 | OK | |
r-patched-linux-x86_64 | 4-14 | 11.36 | 31.90 | 43.26 | OK | |
r-release-linux-x86_64 | 4-14 | 9.89 | 31.70 | 41.59 | OK | |
r-release-macos-arm64 | 4-15 | 43.00 | OK | |||
r-release-macos-x86_64 | 4-14 | 65.00 | OK | |||
r-release-windows-x86_64 | 4-14 | 24.00 | 70.00 | 94.00 | OK | |
r-oldrel-macos-arm64 | 4-15 | 30.00 | OK | |||
r-oldrel-macos-x86_64 | 4-14 | 31.00 | OK | |||
r-oldrel-windows-x86_64 | 4-14 | 12.00 | 70.00 | 82.00 | OK |
Version: 4-14
Check: whether package can be installed
Result: WARN
Found the following significant warnings:
parallel.cc:89:13: warning: format string is not a string literal (potentially insecure) [-Wformat-security]
parallel.cc:96:12: warning: format string is not a string literal (potentially insecure) [-Wformat-security]
See ‘/home/hornik/tmp/R.check/r-devel-clang/Work/PKGS/rjags.Rcheck/00install.out’ for details.
* used C compiler: ‘Debian clang version 17.0.5 (1)’
* used C++ compiler: ‘Debian clang version 17.0.5 (1)’
Flavor: r-devel-linux-x86_64-debian-clang