CRAN Package Check Results for Package riverconn

Last updated on 2023-11-29 04:57:34 CET.

Flavor Version Tinstall Tcheck Ttotal Status Flags
r-devel-linux-x86_64-debian-clang 0.3.28 7.44 74.20 81.64 NOTE
r-devel-linux-x86_64-debian-gcc 0.3.28 5.93 55.24 61.17 NOTE
r-devel-linux-x86_64-fedora-clang 0.3.28 103.70 NOTE
r-devel-linux-x86_64-fedora-gcc 0.3.28 106.18 NOTE
r-devel-windows-x86_64 0.3.28 9.00 75.00 84.00 NOTE
r-patched-linux-x86_64 0.3.28 4.87 70.03 74.90 OK
r-release-linux-x86_64 0.3.28 4.49 68.58 73.07 OK
r-release-macos-arm64 0.3.28 41.00 OK
r-release-macos-x86_64 0.3.28 84.00 OK
r-release-windows-x86_64 0.3.28 10.00 87.00 97.00 OK
r-oldrel-macos-arm64 0.3.28 31.00 OK
r-oldrel-macos-x86_64 0.3.28 46.00 OK
r-oldrel-windows-x86_64 0.3.28 11.00 91.00 102.00 OK

Check Details

Version: 0.3.28
Check: Rd files
Result: NOTE checkRd: (-1) B_ij_fun.Rd:55: Lost braces; missing escapes or markup? 55 | When \code{disp_type ="exponential"}, those values are used as the base of the exponential dispersal kernel: B_ij = param^{d_ij}. | ^ checkRd: (-1) d_index_calculation.Rd:54: Lost braces; missing escapes or markup? 54 | Setting \code{c_ij_flag = FALSE} (see index_calculation arguments) removes from the calculations the effect of barriers, i.e. the c_{ij} contribution | ^ checkRd: (-1) d_index_calculation.Rd:57: Lost braces; missing escapes or markup? 57 | i.e. the B_{ij} contribution is not used in the calculation of the index. | ^ checkRd: (-1) d_index_calculation.Rd:67: Lost braces; missing escapes or markup? 67 | When \code{disp_type ="exponential"} (see index_calculation arguments), those values are used as the base of the exponential dispersal kernel: B_ij = param^{d_ij}. | ^ checkRd: (-1) index_calculation.Rd:89: Lost braces; missing escapes or markup? 89 | Setting \code{c_ij_flag = FALSE} removes from the calculations the effect of barriers, i.e. the c_{ij} contribution | ^ checkRd: (-1) index_calculation.Rd:92: Lost braces; missing escapes or markup? 92 | i.e. the B_{ij} contribution is not used in the calculation of the index. | ^ checkRd: (-1) index_calculation.Rd:103: Lost braces; missing escapes or markup? 103 | When \code{disp_type ="exponential"}, those values are used as the base of the exponential dispersal kernel: B_ij = param^{d_ij}. | ^ checkRd: (-1) inner_d_index_calculation.Rd:99: Lost braces; missing escapes or markup? 99 | Setting \code{c_ij_flag = FALSE} removes from the calculations the effect of barriers, i.e. the c_{ij} contribution | ^ checkRd: (-1) inner_d_index_calculation.Rd:102: Lost braces; missing escapes or markup? 102 | i.e. the B_{ij} contribution is not used in the calculation of the index. | ^ checkRd: (-1) inner_d_index_calculation.Rd:112: Lost braces; missing escapes or markup? 112 | When \code{disp_type ="exponential"}, those values are used as the base of the exponential dispersal kernel: B_ij = param^{d_ij}. | ^ Flavors: r-devel-linux-x86_64-debian-clang, r-devel-linux-x86_64-debian-gcc

Version: 0.3.28
Check: Rd \usage sections
Result: NOTE Documented arguments not in \usage in Rd file 'inner_t_index_calculation.Rd': ‘param_’ Functions with \usage entries need to have the appropriate \alias entries, and all their arguments documented. The \usage entries must correspond to syntactically valid R code. See chapter ‘Writing R documentation files’ in the ‘Writing R Extensions’ manual. Flavors: r-devel-linux-x86_64-debian-clang, r-devel-linux-x86_64-debian-gcc, r-devel-linux-x86_64-fedora-clang, r-devel-linux-x86_64-fedora-gcc, r-devel-windows-x86_64