Last updated on 2023-12-04 05:09:18 CET.
Flavor | Version | Tinstall | Tcheck | Ttotal | Status | Flags |
---|---|---|---|---|---|---|
r-devel-linux-x86_64-debian-clang | 0.3.2 | 6.33 | 28.38 | 34.71 | NOTE | |
r-devel-linux-x86_64-debian-gcc | 0.3.2 | 4.02 | 22.11 | 26.13 | NOTE | |
r-devel-linux-x86_64-fedora-clang | 0.3.2 | 44.31 | NOTE | |||
r-devel-linux-x86_64-fedora-gcc | 0.3.2 | 40.94 | NOTE | |||
r-devel-windows-x86_64 | 0.3.2 | 6.00 | 48.00 | 54.00 | NOTE | |
r-patched-linux-x86_64 | 0.3.2 | 8.28 | 28.44 | 36.72 | NOTE | |
r-release-linux-x86_64 | 0.3.2 | 6.06 | 27.89 | 33.95 | NOTE | |
r-release-macos-arm64 | 0.3.2 | 19.00 | NOTE | |||
r-release-macos-x86_64 | 0.3.2 | 24.00 | NOTE | |||
r-release-windows-x86_64 | 0.3.2 | 7.00 | 50.00 | 57.00 | NOTE | |
r-oldrel-macos-arm64 | 0.3.2 | 17.00 | NOTE | |||
r-oldrel-macos-x86_64 | 0.3.2 | 25.00 | NOTE | |||
r-oldrel-windows-x86_64 | 0.3.2 | 7.00 | 48.00 | 55.00 | NOTE |
Version: 0.3.2
Check: LazyData
Result: NOTE
'LazyData' is specified without a 'data' directory
Flavors: r-devel-linux-x86_64-debian-clang, r-devel-linux-x86_64-debian-gcc, r-devel-linux-x86_64-fedora-clang, r-devel-linux-x86_64-fedora-gcc, r-devel-windows-x86_64, r-patched-linux-x86_64, r-release-linux-x86_64, r-release-macos-arm64, r-release-macos-x86_64, r-release-windows-x86_64, r-oldrel-macos-arm64, r-oldrel-macos-x86_64, r-oldrel-windows-x86_64