Last updated on 2023-09-22 05:53:49 CEST.
Flavor | Version | Tinstall | Tcheck | Ttotal | Status | Flags |
---|---|---|---|---|---|---|
r-devel-linux-x86_64-debian-clang | 1.2.1 | 158.33 | 297.23 | 455.56 | NOTE | |
r-devel-linux-x86_64-debian-gcc | 1.2.1 | 109.99 | 214.90 | 324.89 | NOTE | |
r-devel-linux-x86_64-fedora-clang | 1.2.1 | 671.66 | NOTE | |||
r-devel-linux-x86_64-fedora-gcc | 1.2.1 | 587.37 | NOTE | |||
r-devel-windows-x86_64 | 1.2.1 | 172.00 | 260.00 | 432.00 | NOTE | |
r-patched-linux-x86_64 | 1.2.1 | 165.80 | 283.28 | 449.08 | OK | |
r-release-linux-x86_64 | 1.2.1 | 151.79 | 282.71 | 434.50 | OK | |
r-release-macos-arm64 | 1.2.1 | 141.00 | NOTE | |||
r-release-macos-x86_64 | 1.2.1 | 312.00 | NOTE | |||
r-release-windows-x86_64 | 1.2.1 | 208.00 | 324.00 | 532.00 | NOTE | |
r-oldrel-macos-arm64 | 1.2.1 | 133.00 | NOTE | |||
r-oldrel-macos-x86_64 | 1.2.1 | 160.00 | WARN | --no-build-vignettes | ||
r-oldrel-windows-x86_64 | 1.2.1 | 166.00 | 296.00 | 462.00 | NOTE |
Version: 1.2.1
Check: Rd \usage sections
Result: NOTE
Documented arguments not in \usage in documentation object 'rgl.fns':
‘tag’ ‘tags’
Functions with \usage entries need to have the appropriate \alias
entries, and all their arguments documented.
The \usage entries must correspond to syntactically valid R code.
See chapter ‘Writing R documentation files’ in the ‘Writing R
Extensions’ manual.
Flavors: r-devel-linux-x86_64-debian-clang, r-devel-linux-x86_64-debian-gcc, r-devel-linux-x86_64-fedora-clang, r-devel-linux-x86_64-fedora-gcc, r-devel-windows-x86_64
Version: 1.2.1
Check: installed package size
Result: NOTE
installed size is 7.8Mb
sub-directories of 1Mb or more:
doc 2.6Mb
fonts 1.5Mb
Flavors: r-devel-linux-x86_64-fedora-clang, r-devel-windows-x86_64, r-release-macos-arm64, r-release-macos-x86_64, r-release-windows-x86_64, r-oldrel-macos-arm64, r-oldrel-windows-x86_64
Version: 1.2.1
Flags: --no-build-vignettes
Check: whether package can be installed
Result: WARN
Found the following significant warnings:
Texture.cpp:246:22: warning: 'gluBuild2DMipmaps' is deprecated: first deprecated in macOS 10.9 - "Use glGenerateMipmap" [-Wdeprecated-declarations]
Texture.cpp:259:24: warning: 'gluScaleImage' is deprecated: first deprecated in macOS 10.9 [-Wdeprecated-declarations]
Flavor: r-oldrel-macos-x86_64
Version: 1.2.1
Flags: --no-build-vignettes
Check: installed package size
Result: NOTE
installed size is 27.8Mb
sub-directories of 1Mb or more:
doc 2.6Mb
fonts 1.5Mb
libs 20.5Mb
Flavor: r-oldrel-macos-x86_64