Last updated on 2023-12-03 04:56:18 CET.
Flavor | Version | Tinstall | Tcheck | Ttotal | Status | Flags |
---|---|---|---|---|---|---|
r-devel-linux-x86_64-debian-clang | 3.7.8 | 16.77 | 152.63 | 169.40 | NOTE | |
r-devel-linux-x86_64-debian-gcc | 3.7.8 | 13.01 | 113.34 | 126.35 | NOTE | |
r-devel-linux-x86_64-fedora-clang | 3.7.8 | 219.88 | OK | |||
r-devel-linux-x86_64-fedora-gcc | 3.7.8 | 210.40 | OK | |||
r-devel-windows-x86_64 | 3.7.8 | 16.00 | 138.00 | 154.00 | OK | |
r-patched-linux-x86_64 | 3.7.8 | 17.60 | 146.88 | 164.48 | OK | |
r-release-linux-x86_64 | 3.7.8 | 16.66 | 141.44 | 158.10 | OK | |
r-release-macos-arm64 | 3.7.8 | 86.00 | OK | |||
r-release-macos-x86_64 | 3.7.8 | 115.00 | OK | |||
r-release-windows-x86_64 | 3.7.8 | 20.00 | 173.00 | 193.00 | OK | |
r-oldrel-macos-arm64 | 3.7.8 | 67.00 | OK | |||
r-oldrel-macos-x86_64 | 3.7.8 | 91.00 | OK | |||
r-oldrel-windows-x86_64 | 3.7.8 | 21.00 | 155.00 | 176.00 | OK |
Version: 3.7.8
Check: Rd files
Result: NOTE
checkRd: (-1) dataset_search.Rd:64: Lost braces; missing escapes or markup?
64 | \code{facetMincount={#}} to exclude facets with a count less than {#}}
| ^
checkRd: (-1) name_lookup.Rd:114: Lost braces; missing escapes or markup?
114 | facetMincount={#} to exclude facets with a count less than {#}, e.g.
| ^
checkRd: (-1) name_lookup.Rd:114: Lost braces; missing escapes or markup?
114 | facetMincount={#} to exclude facets with a count less than {#}, e.g.
| ^
Flavors: r-devel-linux-x86_64-debian-clang, r-devel-linux-x86_64-debian-gcc