CRAN Package Check Results for Package rextendr

Last updated on 2024-06-14 05:58:36 CEST.

Flavor Version Tinstall Tcheck Ttotal Status Flags
r-devel-linux-x86_64-debian-clang 0.3.1 7.31 59.18 66.49 OK
r-devel-linux-x86_64-debian-gcc 0.3.1 0.51 1.69 2.20 ERROR
r-devel-linux-x86_64-fedora-clang 0.3.1 84.66 OK
r-devel-linux-x86_64-fedora-gcc 0.3.1 90.31 OK
r-devel-windows-x86_64 0.3.1 7.00 66.00 73.00 OK
r-patched-linux-x86_64 0.3.1 7.18 58.00 65.18 OK
r-release-linux-x86_64 0.3.1 5.43 57.86 63.29 OK
r-release-macos-arm64 0.3.1 32.00 OK
r-release-macos-x86_64 0.3.1 50.00 OK
r-release-windows-x86_64 0.3.1 7.00 70.00 77.00 OK
r-oldrel-macos-arm64 0.3.1 30.00 OK
r-oldrel-macos-x86_64 0.3.1 67.00 OK
r-oldrel-windows-x86_64 0.3.1 8.00 73.00 81.00 OK

Check Details

Version: 0.3.1
Check: package dependencies
Result: ERROR Packages required but not available: 'dplyr', 'purrr', 'tibble', 'vctrs' Packages suggested but not available for checking: 'devtools', 'testthat', 'usethis' See section ‘The DESCRIPTION file’ in the ‘Writing R Extensions’ manual. Flavor: r-devel-linux-x86_64-debian-gcc