CRAN Package Check Results for Package revgeo

Last updated on 2024-02-26 04:49:37 CET.

Flavor Version Tinstall Tcheck Ttotal Status Flags
r-devel-linux-x86_64-debian-clang 0.15 2.90 29.09 31.99 NOTE
r-devel-linux-x86_64-debian-gcc 0.15 2.54 23.19 25.73 NOTE
r-devel-linux-x86_64-fedora-clang 0.15 40.49 NOTE
r-devel-linux-x86_64-fedora-gcc 0.15 38.46 NOTE
r-devel-windows-x86_64 0.15 3.00 44.00 47.00 NOTE
r-patched-linux-x86_64 0.15 3.10 29.61 32.71 NOTE
r-release-linux-x86_64 0.15 2.59 29.38 31.97 NOTE
r-release-macos-arm64 0.15 22.00 NOTE
r-release-macos-x86_64 0.15 22.00 NOTE
r-release-windows-x86_64 0.15 4.00 44.00 48.00 NOTE
r-oldrel-macos-arm64 0.15 16.00 NOTE
r-oldrel-windows-x86_64 0.15 5.00 51.00 56.00 NOTE

Check Details

Version: 0.15
Check: LazyData
Result: NOTE 'LazyData' is specified without a 'data' directory Flavors: r-devel-linux-x86_64-debian-clang, r-devel-linux-x86_64-debian-gcc, r-devel-linux-x86_64-fedora-clang, r-devel-linux-x86_64-fedora-gcc, r-devel-windows-x86_64, r-patched-linux-x86_64, r-release-linux-x86_64, r-release-macos-arm64, r-release-macos-x86_64, r-release-windows-x86_64, r-oldrel-macos-arm64, r-oldrel-windows-x86_64