Last updated on 2023-12-01 04:54:07 CET.
Flavor | Version | Tinstall | Tcheck | Ttotal | Status | Flags |
---|---|---|---|---|---|---|
r-devel-linux-x86_64-debian-clang | 0.2.0 | 10.88 | 150.07 | 160.95 | NOTE | |
r-devel-linux-x86_64-debian-gcc | 0.2.0 | 7.56 | 111.22 | 118.78 | NOTE | |
r-devel-linux-x86_64-fedora-clang | 0.2.0 | 189.35 | NOTE | |||
r-devel-linux-x86_64-fedora-gcc | 0.2.0 | 196.05 | OK | |||
r-devel-windows-x86_64 | 0.2.0 | 10.00 | 131.00 | 141.00 | NOTE | |
r-patched-linux-x86_64 | 0.2.0 | 6.39 | 140.74 | 147.13 | OK | |
r-release-linux-x86_64 | 0.2.0 | 6.83 | 140.87 | 147.70 | OK | |
r-release-macos-arm64 | 0.2.0 | 72.00 | NOTE | |||
r-release-macos-x86_64 | 0.2.0 | 121.00 | NOTE | |||
r-release-windows-x86_64 | 0.2.0 | 11.00 | 160.00 | 171.00 | NOTE | |
r-oldrel-macos-arm64 | 0.2.0 | 52.00 | NOTE | |||
r-oldrel-macos-x86_64 | 0.2.0 | 91.00 | NOTE | |||
r-oldrel-windows-x86_64 | 0.2.0 | 11.00 | 164.00 | 175.00 | NOTE |
Version: 0.2.0
Check: Rd files
Result: NOTE
checkRd: (-1) harmonize_values.Rd:44: Lost braces; missing escapes or markup?
44 | \item{perl}{Use perl-like regex? Defaults to {FALSE}.}
| ^
Flavors: r-devel-linux-x86_64-debian-clang, r-devel-linux-x86_64-debian-gcc
Version: 0.2.0
Check: installed package size
Result: NOTE
installed size is 5.7Mb
sub-directories of 1Mb or more:
doc 1.1Mb
examples 1.9Mb
Flavors: r-devel-linux-x86_64-fedora-clang, r-devel-windows-x86_64, r-release-macos-arm64, r-release-macos-x86_64, r-release-windows-x86_64, r-oldrel-macos-arm64, r-oldrel-macos-x86_64, r-oldrel-windows-x86_64