Last updated on 2023-12-01 04:54:07 CET.
Flavor | Version | Tinstall | Tcheck | Ttotal | Status | Flags |
---|---|---|---|---|---|---|
r-devel-linux-x86_64-debian-clang | 2.3.2 | 22.26 | 1212.85 | 1235.11 | OK | |
r-devel-linux-x86_64-debian-gcc | 2.3.2 | 18.53 | 892.77 | 911.30 | OK | |
r-devel-linux-x86_64-fedora-clang | 2.3.2 | 2122.86 | ERROR | |||
r-devel-linux-x86_64-fedora-gcc | 2.3.2 | 1225.62 | OK | |||
r-devel-windows-x86_64 | 2.3.2 | 22.00 | 698.00 | 720.00 | OK | |
r-patched-linux-x86_64 | 2.3.2 | 22.87 | 1082.38 | 1105.25 | OK | |
r-release-linux-x86_64 | 2.3.2 | 19.16 | 1016.54 | 1035.70 | OK | |
r-release-macos-arm64 | 2.3.2 | 355.00 | OK | |||
r-release-macos-x86_64 | 2.3.2 | 1303.00 | OK | |||
r-release-windows-x86_64 | 2.3.2 | 26.00 | 916.00 | 942.00 | OK | |
r-oldrel-macos-arm64 | 2.3.2 | 349.00 | OK | |||
r-oldrel-macos-x86_64 | 2.3.1 | 434.00 | OK | |||
r-oldrel-windows-x86_64 | 2.3.2 | 27.00 | 884.00 | 911.00 | OK |
Version: 2.3.2
Check: tests
Result: ERROR
Running ‘testthat.R’ [1885s/294s]
Running the tests in ‘tests/testthat.R’ failed.
Complete output:
> library(testthat)
> library(respR)
> data("urchins.rd")
> data("sardine.rd")
> data("squid.rd")
> data("intermittent.rd")
> data("flowthrough.rd")
> data("flowthrough_mult.rd")
>
> test_check("respR")
Flavor: r-devel-linux-x86_64-fedora-clang