CRAN Package Check Results for Package requireR

Last updated on 2024-02-21 04:55:49 CET.

Flavor Version Tinstall Tcheck Ttotal Status Flags
r-devel-linux-x86_64-debian-clang 1.0.0.1 NOTE
r-devel-linux-x86_64-debian-gcc 1.0.0.1 1.62 17.90 19.52 NOTE
r-devel-linux-x86_64-fedora-clang 1.0.0.1 31.67 NOTE
r-devel-linux-x86_64-fedora-gcc 1.0.0.1 41.91 NOTE
r-devel-windows-x86_64 1.0.0.1 3.00 40.00 43.00 NOTE
r-patched-linux-x86_64 1.0.0.1 2.12 22.08 24.20 NOTE
r-release-linux-x86_64 1.0.0.1 1.83 22.19 24.02 NOTE
r-release-macos-arm64 1.0.0.1 18.00 NOTE
r-release-macos-x86_64 1.0.0.1 26.00 NOTE
r-release-windows-x86_64 1.0.0.1 3.00 40.00 43.00 NOTE
r-oldrel-macos-arm64 1.0.0.1 16.00 NOTE
r-oldrel-windows-x86_64 1.0.0.1 3.00 44.00 47.00 NOTE

Check Details

Version: 1.0.0.1
Check: LazyData
Result: NOTE 'LazyData' is specified without a 'data' directory Flavors: r-devel-linux-x86_64-debian-clang, r-devel-linux-x86_64-debian-gcc, r-devel-linux-x86_64-fedora-clang, r-devel-linux-x86_64-fedora-gcc, r-devel-windows-x86_64, r-patched-linux-x86_64, r-release-linux-x86_64, r-release-macos-arm64, r-release-macos-x86_64, r-release-windows-x86_64, r-oldrel-macos-arm64, r-oldrel-windows-x86_64