Last updated on 2025-04-30 05:49:52 CEST.
Flavor | Version | Tinstall | Tcheck | Ttotal | Status | Flags |
---|---|---|---|---|---|---|
r-devel-linux-x86_64-debian-clang | 0.1.5 | 25.15 | 203.97 | 229.12 | NOTE | |
r-devel-linux-x86_64-debian-gcc | 0.1.5 | 20.89 | 135.16 | 156.05 | OK | |
r-devel-linux-x86_64-fedora-clang | 0.1.5 | 395.77 | OK | |||
r-devel-linux-x86_64-fedora-gcc | 0.1.5 | 385.52 | OK | |||
r-devel-windows-x86_64 | 0.1.5 | 36.00 | 220.00 | 256.00 | OK | |
r-patched-linux-x86_64 | 0.1.5 | 27.93 | 195.93 | 223.86 | OK | |
r-release-linux-x86_64 | 0.1.5 | 27.91 | 195.88 | 223.79 | OK | |
r-release-macos-arm64 | 0.1.5 | 122.00 | OK | |||
r-release-macos-x86_64 | 0.1.5 | 231.00 | OK | |||
r-release-windows-x86_64 | 0.1.5 | 38.00 | 216.00 | 254.00 | OK | |
r-oldrel-macos-arm64 | 0.1.5 | 108.00 | OK | |||
r-oldrel-macos-x86_64 | 0.1.5 | 161.00 | OK | |||
r-oldrel-windows-x86_64 | 0.1.5 | 41.00 | 277.00 | 318.00 | OK |
Version: 0.1.5
Check: examples
Result: NOTE
Examples with CPU (user + system) or elapsed time > 5s
user system elapsed
clust_proto_random 4.295 0.003 5.089
Flavor: r-devel-linux-x86_64-debian-clang