CRAN Package Check Results for Package repolr

Last updated on 2024-03-04 04:51:40 CET.

Flavor Version Tinstall Tcheck Ttotal Status Flags
r-devel-linux-x86_64-debian-clang 3.4 179.12 41.47 220.59 OK
r-devel-linux-x86_64-debian-gcc 3.4 144.97 30.60 175.57 OK
r-devel-linux-x86_64-fedora-clang 3.4 315.47 NOTE
r-devel-linux-x86_64-fedora-gcc 3.4 345.81 NOTE
r-devel-windows-x86_64 3.4 132.00 80.00 212.00 OK
r-patched-linux-x86_64 3.4 164.54 40.46 205.00 OK
r-release-linux-x86_64 3.4 184.55 39.27 223.82 OK
r-release-macos-arm64 3.4 84.00 NOTE
r-release-macos-x86_64 3.4 135.00 NOTE
r-release-windows-x86_64 3.4 166.00 87.00 253.00 OK
r-oldrel-macos-arm64 3.4 71.00 NOTE
r-oldrel-windows-x86_64 3.4 156.00 88.00 244.00 OK

Check Details

Version: 3.4
Check: compiled code
Result: NOTE File ‘repolr/libs/repolr.so’: Found no calls to: ‘R_registerRoutines’, ‘R_useDynamicSymbols’ It is good practice to register native routines and to disable symbol search. See ‘Writing portable packages’ in the ‘Writing R Extensions’ manual. Flavors: r-devel-linux-x86_64-fedora-clang, r-devel-linux-x86_64-fedora-gcc

Version: 3.4
Check: installed package size
Result: NOTE installed size is 10.3Mb sub-directories of 1Mb or more: libs 10.1Mb Flavors: r-release-macos-arm64, r-release-macos-x86_64, r-oldrel-macos-arm64