CRAN Package Check Results for Package repmis

Last updated on 2024-02-25 04:51:16 CET.

Flavor Version Tinstall Tcheck Ttotal Status Flags
r-devel-linux-x86_64-debian-clang 0.5 3.75 40.24 43.99 NOTE
r-devel-linux-x86_64-debian-gcc 0.5 3.26 29.66 32.92 NOTE
r-devel-linux-x86_64-fedora-clang 0.5 53.13 NOTE
r-devel-linux-x86_64-fedora-gcc 0.5 62.35 NOTE
r-devel-windows-x86_64 0.5 4.00 51.00 55.00 OK
r-patched-linux-x86_64 0.5 8.39 38.28 46.67 NOTE
r-release-linux-x86_64 0.5 4.41 37.07 41.48 NOTE
r-release-macos-arm64 0.5 30.00 OK
r-release-macos-x86_64 0.5 45.00 OK
r-release-windows-x86_64 0.5 5.00 52.00 57.00 OK
r-oldrel-macos-arm64 0.5 27.00 OK
r-oldrel-windows-x86_64 0.5 6.00 61.00 67.00 OK

Check Details

Version: 0.5
Check: for non-standard things in the check directory
Result: NOTE Found the following files/directories: ‘PackageCites.bib’ Flavors: r-devel-linux-x86_64-debian-clang, r-devel-linux-x86_64-debian-gcc, r-devel-linux-x86_64-fedora-clang, r-devel-linux-x86_64-fedora-gcc, r-patched-linux-x86_64, r-release-linux-x86_64