CRAN Package Check Results for Package repec

Last updated on 2023-11-29 04:57:33 CET.

Flavor Version Tinstall Tcheck Ttotal Status Flags
r-devel-linux-x86_64-debian-clang 0.1.0 2.10 21.74 23.84 NOTE
r-devel-linux-x86_64-debian-gcc 0.1.0 1.78 16.79 18.57 NOTE
r-devel-linux-x86_64-fedora-clang 0.1.0 30.89 NOTE
r-devel-linux-x86_64-fedora-gcc 0.1.0 28.36 NOTE
r-devel-windows-x86_64 0.1.0 2.00 42.00 44.00 NOTE
r-patched-linux-x86_64 0.1.0 1.90 20.96 22.86 NOTE
r-release-linux-x86_64 0.1.0 1.70 21.35 23.05 NOTE
r-release-macos-arm64 0.1.0 14.00 NOTE
r-release-macos-x86_64 0.1.0 18.00 NOTE
r-release-windows-x86_64 0.1.0 3.00 42.00 45.00 NOTE
r-oldrel-macos-arm64 0.1.0 15.00 NOTE
r-oldrel-macos-x86_64 0.1.0 19.00 NOTE
r-oldrel-windows-x86_64 0.1.0 4.00 43.00 47.00 NOTE

Check Details

Version: 0.1.0
Check: LazyData
Result: NOTE 'LazyData' is specified without a 'data' directory Flavors: r-devel-linux-x86_64-debian-clang, r-devel-linux-x86_64-debian-gcc, r-devel-linux-x86_64-fedora-clang, r-devel-linux-x86_64-fedora-gcc, r-devel-windows-x86_64, r-patched-linux-x86_64, r-release-linux-x86_64, r-release-macos-arm64, r-release-macos-x86_64, r-release-windows-x86_64, r-oldrel-macos-arm64, r-oldrel-macos-x86_64, r-oldrel-windows-x86_64