Last updated on 2025-04-30 05:49:52 CEST.
Flavor | Version | Tinstall | Tcheck | Ttotal | Status | Flags |
---|---|---|---|---|---|---|
r-devel-linux-x86_64-debian-clang | 1.3.0 | 39.74 | 56.74 | 96.48 | NOTE | |
r-devel-linux-x86_64-debian-gcc | 1.3.0 | 30.32 | 39.23 | 69.55 | OK | |
r-devel-linux-x86_64-fedora-clang | 1.3.0 | 162.96 | OK | |||
r-devel-linux-x86_64-fedora-gcc | 1.3.0 | 170.18 | OK | |||
r-devel-windows-x86_64 | 1.3.0 | 47.00 | 96.00 | 143.00 | OK | |
r-patched-linux-x86_64 | 1.3.0 | 45.30 | 51.63 | 96.93 | OK | |
r-release-linux-x86_64 | 1.3.0 | 43.22 | 51.96 | 95.18 | OK | |
r-release-macos-arm64 | 1.3.0 | 44.00 | OK | |||
r-release-macos-x86_64 | 1.3.0 | 80.00 | OK | |||
r-release-windows-x86_64 | 1.3.0 | 47.00 | 92.00 | 139.00 | OK | |
r-oldrel-macos-arm64 | 1.3.0 | 37.00 | NOTE | |||
r-oldrel-macos-x86_64 | 1.3.0 | 62.00 | NOTE | |||
r-oldrel-windows-x86_64 | 1.3.0 | 54.00 | 116.00 | 170.00 | OK |
Version: 1.3.0
Check: examples
Result: NOTE
Examples with CPU (user + system) or elapsed time > 5s
user system elapsed
mvtelliptical 5.813 0.066 6.424
Flavor: r-devel-linux-x86_64-debian-clang
Version: 1.3.0
Check: installed package size
Result: NOTE
installed size is 6.2Mb
sub-directories of 1Mb or more:
libs 6.0Mb
Flavors: r-oldrel-macos-arm64, r-oldrel-macos-x86_64