CRAN Package Check Results for Package rehydratoR

Last updated on 2023-11-30 04:53:04 CET.

Flavor Version Tinstall Tcheck Ttotal Status Flags
r-devel-linux-x86_64-debian-clang 0.5.2 4.36 38.60 42.96 NOTE
r-devel-linux-x86_64-debian-gcc 0.5.2 3.39 28.99 32.38 NOTE
r-devel-linux-x86_64-fedora-clang 0.5.2 53.66 NOTE
r-devel-linux-x86_64-fedora-gcc 0.5.2 49.64 NOTE
r-devel-windows-x86_64 0.5.2 5.00 49.00 54.00 NOTE
r-patched-linux-x86_64 0.5.2 5.11 37.08 42.19 NOTE
r-release-linux-x86_64 0.5.2 3.64 36.74 40.38 NOTE
r-release-macos-arm64 0.5.2 20.00 NOTE
r-release-macos-x86_64 0.5.2 29.00 NOTE
r-release-windows-x86_64 0.5.2 8.00 52.00 60.00 NOTE
r-oldrel-macos-arm64 0.5.2 20.00 NOTE
r-oldrel-macos-x86_64 0.5.2 39.00 NOTE
r-oldrel-windows-x86_64 0.5.2 7.00 59.00 66.00 NOTE

Check Details

Version: 0.5.2
Check: LazyData
Result: NOTE 'LazyData' is specified without a 'data' directory Flavors: r-devel-linux-x86_64-debian-clang, r-devel-linux-x86_64-debian-gcc, r-devel-linux-x86_64-fedora-clang, r-devel-linux-x86_64-fedora-gcc, r-devel-windows-x86_64, r-patched-linux-x86_64, r-release-linux-x86_64, r-release-macos-arm64, r-release-macos-x86_64, r-release-windows-x86_64, r-oldrel-macos-arm64, r-oldrel-macos-x86_64, r-oldrel-windows-x86_64