CRAN Package Check Results for Package rehh

Last updated on 2024-02-23 05:07:29 CET.

Flavor Version Tinstall Tcheck Ttotal Status Flags
r-devel-linux-x86_64-debian-clang 3.2.2 NOTE
r-devel-linux-x86_64-debian-gcc 3.2.2 11.94 165.97 177.91 NOTE
r-devel-linux-x86_64-fedora-clang 3.2.2 273.22 OK
r-devel-linux-x86_64-fedora-gcc 3.2.2 290.26 OK
r-devel-windows-x86_64 3.2.2 20.00 240.00 260.00 OK
r-patched-linux-x86_64 3.2.2 14.36 213.26 227.62 OK
r-release-linux-x86_64 3.2.2 14.80 212.69 227.49 OK
r-release-macos-arm64 3.2.2 96.00 OK
r-release-macos-x86_64 3.2.2 161.00 OK
r-release-windows-x86_64 3.2.2 23.00 589.00 612.00 OK
r-oldrel-macos-arm64 3.2.2 90.00 OK
r-oldrel-windows-x86_64 3.2.2 26.00 639.00 665.00 OK

Check Details

Version: 3.2.2
Check: Rd files
Result: NOTE checkRd: (-1) plot.ehh.Rd:27: Lost braces 27 | \item{type}{plot type (see code{\link[graphics]{plot.default}} and \code{\link[graphics]{matplot}}). | ^ checkRd: (-1) plot.ehhs.Rd:27: Lost braces 27 | \item{type}{plot type (see code{\link[graphics]{plot.default}}. | ^ Flavors: r-devel-linux-x86_64-debian-clang, r-devel-linux-x86_64-debian-gcc