Last updated on 2023-12-03 04:56:18 CET.
Flavor | Version | Tinstall | Tcheck | Ttotal | Status | Flags |
---|---|---|---|---|---|---|
r-devel-linux-x86_64-debian-clang | 1.7.0 | 14.72 | 136.51 | 151.23 | OK | |
r-devel-linux-x86_64-debian-gcc | 1.7.0 | 12.16 | 101.02 | 113.18 | OK | |
r-devel-linux-x86_64-fedora-clang | 1.7.0 | 197.44 | NOTE | |||
r-devel-linux-x86_64-fedora-gcc | 1.7.0 | 200.03 | OK | |||
r-devel-windows-x86_64 | 1.7.0 | 13.00 | 120.00 | 133.00 | OK | |
r-patched-linux-x86_64 | 1.7.0 | 16.80 | 129.13 | 145.93 | OK | |
r-release-linux-x86_64 | 1.7.0 | 11.74 | 128.29 | 140.03 | OK | |
r-release-macos-arm64 | 1.7.0 | 60.00 | OK | |||
r-release-macos-x86_64 | 1.7.0 | 101.00 | NOTE | |||
r-release-windows-x86_64 | 1.7.0 | 19.00 | 141.00 | 160.00 | OK | |
r-oldrel-macos-arm64 | 1.7.0 | 53.00 | OK | |||
r-oldrel-macos-x86_64 | 1.7.0 | 92.00 | OK | |||
r-oldrel-windows-x86_64 | 1.7.0 | 19.00 | 142.00 | 161.00 | OK |
Version: 1.7.0
Check: whether startup messages can be suppressed
Result: NOTE
OMP: Warning #96: Cannot form a team with 24 threads, using 2 instead.
OMP: Hint Consider unsetting KMP_DEVICE_THREAD_LIMIT (KMP_ALL_THREADS), KMP_TEAMS_THREAD_LIMIT, and OMP_THREAD_LIMIT (if any are set).
It looks like this package (or a package it requires) has a startup
message which cannot be suppressed: see ?packageStartupMessage.
Flavor: r-devel-linux-x86_64-fedora-clang
Version: 1.7.0
Check: package dependencies
Result: NOTE
Packages suggested but not available for checking: 'cdparcoord', 'partools'
Flavor: r-release-macos-x86_64