CRAN Package Check Results for Package regport

Last updated on 2024-06-14 05:58:36 CEST.

Flavor Version Tinstall Tcheck Ttotal Status Flags
r-devel-linux-x86_64-debian-clang 0.3.0 14.85 102.62 117.47 OK
r-devel-linux-x86_64-debian-gcc 0.3.0 0.26 1.55 1.81 ERROR
r-devel-linux-x86_64-fedora-clang 0.3.0 149.01 OK
r-devel-linux-x86_64-fedora-gcc 0.3.0 136.93 OK
r-devel-windows-x86_64 0.3.0 12.00 90.00 102.00 OK
r-patched-linux-x86_64 0.3.0 9.96 102.83 112.79 OK
r-release-linux-x86_64 0.3.0 13.16 98.75 111.91 OK
r-release-macos-arm64 0.3.0 41.00 OK
r-release-macos-x86_64 0.3.0 57.00 OK
r-release-windows-x86_64 0.3.0 10.00 96.00 106.00 OK
r-oldrel-macos-arm64 0.3.0 48.00 OK
r-oldrel-macos-x86_64 0.3.0 85.00 OK
r-oldrel-windows-x86_64 0.3.0 14.00 110.00 124.00 OK

Check Details

Version: 0.3.0
Check: package dependencies
Result: ERROR Packages required but not available: 'broom.helpers', 'dplyr' Packages suggested but not available for checking: 'roxygen2', 'see', 'testthat' See section ‘The DESCRIPTION file’ in the ‘Writing R Extensions’ manual. Flavor: r-devel-linux-x86_64-debian-gcc