CRAN Package Check Results for Package regmedint

Last updated on 2023-11-29 04:57:33 CET.

Flavor Version Tinstall Tcheck Ttotal Status Flags
r-devel-linux-x86_64-debian-clang 1.0.0 10.06 241.10 251.16 OK
r-devel-linux-x86_64-debian-gcc 1.0.0 8.84 180.66 189.50 OK
r-devel-linux-x86_64-fedora-clang 1.0.0 307.16 NOTE
r-devel-linux-x86_64-fedora-gcc 1.0.0 317.02 NOTE
r-devel-windows-x86_64 1.0.0 10.00 185.00 195.00 OK
r-patched-linux-x86_64 1.0.0 13.44 230.00 243.44 OK
r-release-linux-x86_64 1.0.0 10.17 230.99 241.16 OK
r-release-macos-arm64 1.0.0 117.00 OK
r-release-macos-x86_64 1.0.0 183.00 OK
r-release-windows-x86_64 1.0.0 12.00 243.00 255.00 OK
r-oldrel-macos-arm64 1.0.0 67.00 NOTE
r-oldrel-macos-x86_64 1.0.0 103.00 NOTE
r-oldrel-windows-x86_64 1.0.0 13.00 233.00 246.00 OK

Check Details

Version: 1.0.0
Check: dependencies in R code
Result: NOTE Namespace in Imports field not imported from: ‘Deriv’ All declared Imports should be used. Flavors: r-devel-linux-x86_64-fedora-clang, r-devel-linux-x86_64-fedora-gcc, r-oldrel-macos-arm64, r-oldrel-macos-x86_64