Last updated on 2023-12-07 04:56:34 CET.
Flavor | Version | Tinstall | Tcheck | Ttotal | Status | Flags |
---|---|---|---|---|---|---|
r-devel-linux-x86_64-debian-clang | 0.1.8 | 9.67 | 94.81 | 104.48 | NOTE | |
r-devel-linux-x86_64-debian-gcc | 0.1.8 | 7.54 | 69.87 | 77.41 | NOTE | |
r-devel-linux-x86_64-fedora-clang | 0.1.8 | 126.77 | NOTE | |||
r-devel-linux-x86_64-fedora-gcc | 0.1.8 | 131.63 | NOTE | |||
r-devel-windows-x86_64 | 0.1.8 | 12.00 | 103.00 | 115.00 | OK | |
r-patched-linux-x86_64 | 0.1.8 | 9.53 | 89.36 | 98.89 | OK | |
r-release-linux-x86_64 | 0.1.8 | 8.78 | 89.05 | 97.83 | OK | |
r-release-macos-arm64 | 0.1.8 | 55.00 | OK | |||
r-release-macos-x86_64 | 0.1.8 | 86.00 | OK | |||
r-release-windows-x86_64 | 0.1.8 | 15.00 | 124.00 | 139.00 | OK | |
r-oldrel-macos-arm64 | 0.1.8 | 44.00 | NOTE | |||
r-oldrel-macos-x86_64 | 0.1.8 | 87.00 | NOTE | |||
r-oldrel-windows-x86_64 | 0.1.8 | 16.00 | 125.00 | 141.00 | OK |
Version: 0.1.8
Check: Rd files
Result: NOTE
checkRd: (-1) impute_down_nuts.Rd:21: Lost braces
21 | NUTS typologies, defaults to code{"geo_var".}}
| ^
checkRd: (-1) validate_data_frame.Rd:19: Lost braces
19 | NUTS typologies, defaults to code{"geo_var".}}
| ^
Flavors: r-devel-linux-x86_64-debian-clang, r-devel-linux-x86_64-debian-gcc
Version: 0.1.8
Check: data for non-ASCII characters
Result: NOTE
Note: found 2 marked Latin-1 strings
Note: found 50022 marked UTF-8 strings
Flavors: r-devel-linux-x86_64-fedora-clang, r-devel-linux-x86_64-fedora-gcc, r-oldrel-macos-arm64, r-oldrel-macos-x86_64