CRAN Package Check Results for Package regfilter

Last updated on 2023-12-04 05:09:18 CET.

Flavor Version Tinstall Tcheck Ttotal Status Flags
r-devel-linux-x86_64-debian-clang 1.1.1 20.46 284.03 304.49 NOTE
r-devel-linux-x86_64-debian-gcc 1.1.1 15.50 211.28 226.78 NOTE
r-devel-linux-x86_64-fedora-clang 1.1.1 396.79 NOTE
r-devel-linux-x86_64-fedora-gcc 1.1.1 411.95 NOTE
r-devel-windows-x86_64 1.1.1 18.00 213.00 231.00 OK
r-patched-linux-x86_64 1.1.1 14.69 273.28 287.97 OK
r-release-linux-x86_64 1.1.1 15.62 266.49 282.11 OK
r-release-macos-arm64 1.1.1 108.00 OK
r-release-macos-x86_64 1.1.1 272.00 OK
r-release-windows-x86_64 1.1.1 24.00 269.00 293.00 OK
r-oldrel-macos-arm64 1.1.1 104.00 OK
r-oldrel-macos-x86_64 1.1.1 141.00 OK
r-oldrel-windows-x86_64 1.1.1 26.00 267.00 293.00 OK

Check Details

Version: 1.1.1
Check: Rd files
Result: NOTE checkRd: (-1) regCVCF.Rd:52: Lost braces; missing escapes or markup? 52 | a decision tree with {C4.5} on each one. Using each classifier, a prediction of the whole dataset is obtained. | ^ checkRd: (-1) summary.rfdata.Rd:17: Lost braces; missing escapes or markup? 17 | A list including information related to the noise filtering process contained in the object \code{object} of class {rfdata} with the following elements: | ^ Flavors: r-devel-linux-x86_64-debian-clang, r-devel-linux-x86_64-debian-gcc

Version: 1.1.1
Check: dependencies in R code
Result: NOTE Namespace in Imports field not imported from: ‘sf’ All declared Imports should be used. Flavors: r-devel-linux-x86_64-fedora-clang, r-devel-linux-x86_64-fedora-gcc