Last updated on 2023-12-08 05:02:15 CET.
Flavor | Version | Tinstall | Tcheck | Ttotal | Status | Flags |
---|---|---|---|---|---|---|
r-devel-linux-x86_64-debian-clang | 0.2.1 | 5.07 | 38.43 | 43.50 | OK | |
r-devel-linux-x86_64-debian-gcc | 0.2.1 | 3.97 | 28.08 | 32.05 | OK | |
r-devel-linux-x86_64-fedora-clang | 0.2.1 | 49.09 | NOTE | |||
r-devel-linux-x86_64-fedora-gcc | 0.2.1 | 49.28 | OK | |||
r-devel-windows-x86_64 | 0.2.1 | 7.00 | 49.00 | 56.00 | NOTE | |
r-patched-linux-x86_64 | 0.2.1 | 3.98 | 35.94 | 39.92 | OK | |
r-release-linux-x86_64 | 0.2.1 | 2.97 | 35.34 | 38.31 | OK | |
r-release-macos-arm64 | 0.2.1 | 27.00 | NOTE | |||
r-release-macos-x86_64 | 0.2.1 | 29.00 | NOTE | |||
r-release-windows-x86_64 | 0.2.1 | 8.00 | 48.00 | 56.00 | NOTE | |
r-oldrel-macos-arm64 | 0.2.1 | 18.00 | NOTE | |||
r-oldrel-macos-x86_64 | 0.2.1 | 29.00 | NOTE | |||
r-oldrel-windows-x86_64 | 0.2.1 | 8.00 | 53.00 | 61.00 | NOTE |
Version: 0.2.1
Check: package dependencies
Result: NOTE
Package suggested but not available for checking: ‘opencv’
Flavor: r-devel-linux-x86_64-fedora-clang
Version: 0.2.1
Check: installed package size
Result: NOTE
installed size is 10.4Mb
sub-directories of 1Mb or more:
htmlwidgets 9.9Mb
Flavors: r-devel-linux-x86_64-fedora-clang, r-devel-windows-x86_64, r-release-macos-arm64, r-release-macos-x86_64, r-release-windows-x86_64, r-oldrel-macos-arm64, r-oldrel-macos-x86_64, r-oldrel-windows-x86_64