Last updated on 2023-12-01 04:54:07 CET.
Flavor | Version | Tinstall | Tcheck | Ttotal | Status | Flags |
---|---|---|---|---|---|---|
r-devel-linux-x86_64-debian-clang | 1.0.8 | 27.58 | 496.47 | 524.05 | OK | |
r-devel-linux-x86_64-debian-gcc | 1.0.8 | 23.02 | 372.58 | 395.60 | OK | |
r-devel-linux-x86_64-fedora-clang | 1.0.8 | 637.10 | NOTE | |||
r-devel-linux-x86_64-fedora-gcc | 1.0.8 | 637.90 | OK | |||
r-devel-windows-x86_64 | 1.0.8 | 28.00 | 392.00 | 420.00 | OK | |
r-patched-linux-x86_64 | 1.0.8 | 38.47 | 480.72 | 519.19 | OK | |
r-release-linux-x86_64 | 1.0.8 | 22.72 | 482.10 | 504.82 | OK | |
r-release-macos-arm64 | 1.0.8 | 180.00 | OK | |||
r-release-macos-x86_64 | 1.0.8 | 435.00 | OK | |||
r-release-windows-x86_64 | 1.0.8 | 35.00 | 524.00 | 559.00 | OK | |
r-oldrel-macos-arm64 | 1.0.8 | 168.00 | OK | |||
r-oldrel-macos-x86_64 | 1.0.8 | 217.00 | OK | |||
r-oldrel-windows-x86_64 | 1.0.8 | 35.00 | 480.00 | 515.00 | OK |
Version: 1.0.8
Check: Rd cross-references
Result: NOTE
Undeclared packages ‘fastICA’, ‘dimRed’ in Rd xrefs
Flavor: r-devel-linux-x86_64-fedora-clang