CRAN Package Check Results for Package rechonest

Last updated on 2023-12-11 04:51:20 CET.

Flavor Version Tinstall Tcheck Ttotal Status Flags
r-devel-linux-x86_64-debian-clang 1.2 3.89 35.80 39.69 NOTE
r-devel-linux-x86_64-debian-gcc 1.2 2.99 27.53 30.52 NOTE
r-devel-linux-x86_64-fedora-clang 1.2 49.97 NOTE
r-devel-linux-x86_64-fedora-gcc 1.2 47.30 NOTE
r-devel-windows-x86_64 1.2 5.00 52.00 57.00 NOTE
r-patched-linux-x86_64 1.2 4.35 35.14 39.49 NOTE
r-release-linux-x86_64 1.2 3.68 35.55 39.23 NOTE
r-release-macos-arm64 1.2 20.00 NOTE
r-release-macos-x86_64 1.2 24.00 NOTE
r-release-windows-x86_64 1.2 6.00 56.00 62.00 NOTE
r-oldrel-macos-arm64 1.2 21.00 NOTE
r-oldrel-macos-x86_64 1.2 27.00 NOTE
r-oldrel-windows-x86_64 1.2 6.00 53.00 59.00 NOTE

Check Details

Version: 1.2
Check: LazyData
Result: NOTE 'LazyData' is specified without a 'data' directory Flavors: r-devel-linux-x86_64-debian-clang, r-devel-linux-x86_64-debian-gcc, r-devel-linux-x86_64-fedora-clang, r-devel-linux-x86_64-fedora-gcc, r-devel-windows-x86_64, r-patched-linux-x86_64, r-release-linux-x86_64, r-release-macos-arm64, r-release-macos-x86_64, r-release-windows-x86_64, r-oldrel-macos-arm64, r-oldrel-macos-x86_64, r-oldrel-windows-x86_64