Last updated on 2023-11-28 04:57:30 CET.
Flavor | Version | Tinstall | Tcheck | Ttotal | Status | Flags |
---|---|---|---|---|---|---|
r-devel-linux-x86_64-debian-clang | 0.3.3 | 16.37 | 250.23 | 266.60 | NOTE | |
r-devel-linux-x86_64-debian-gcc | 0.3.3 | 12.52 | 186.42 | 198.94 | NOTE | |
r-devel-linux-x86_64-fedora-clang | 0.3.3 | 318.82 | NOTE | |||
r-devel-linux-x86_64-fedora-gcc | 0.3.3 | 302.98 | NOTE | |||
r-devel-windows-x86_64 | 0.3.3 | 13.00 | 200.00 | 213.00 | NOTE | |
r-patched-linux-x86_64 | 0.3.3 | 14.76 | 235.20 | 249.96 | OK | |
r-release-linux-x86_64 | 0.3.3 | 15.64 | 231.89 | 247.53 | OK | |
r-release-macos-arm64 | 0.3.3 | 116.00 | OK | |||
r-release-macos-x86_64 | 0.3.3 | 208.00 | OK | |||
r-release-windows-x86_64 | 0.3.3 | 20.00 | 262.00 | 282.00 | OK | |
r-oldrel-macos-arm64 | 0.3.3 | 87.00 | OK | |||
r-oldrel-macos-x86_64 | 0.3.3 | 140.00 | OK | |||
r-oldrel-windows-x86_64 | 0.3.3 | 19.00 | 251.00 | 270.00 | OK |
Version: 0.3.3
Check: Rd \usage sections
Result: NOTE
Documented arguments not in \usage in Rd file 'rearrr_fn_.Rd':
‘overwrite’
Documented arguments not in \usage in Rd file 'rev_windows_rearranger_.Rd':
‘keep_windows’
Functions with \usage entries need to have the appropriate \alias
entries, and all their arguments documented.
The \usage entries must correspond to syntactically valid R code.
See chapter ‘Writing R documentation files’ in the ‘Writing R
Extensions’ manual.
Flavors: r-devel-linux-x86_64-debian-clang, r-devel-linux-x86_64-debian-gcc, r-devel-linux-x86_64-fedora-clang, r-devel-linux-x86_64-fedora-gcc, r-devel-windows-x86_64