Last updated on 2023-12-04 05:09:18 CET.
Flavor | Version | Tinstall | Tcheck | Ttotal | Status | Flags |
---|---|---|---|---|---|---|
r-devel-linux-x86_64-debian-clang | 0.90 | 6.58 | 75.68 | 82.26 | NOTE | |
r-devel-linux-x86_64-debian-gcc | 0.90 | 5.19 | 55.91 | 61.10 | NOTE | |
r-devel-linux-x86_64-fedora-clang | 0.90 | 100.28 | NOTE | |||
r-devel-linux-x86_64-fedora-gcc | 0.90 | 106.46 | NOTE | |||
r-devel-windows-x86_64 | 0.90 | 7.00 | 83.00 | 90.00 | NOTE | |
r-patched-linux-x86_64 | 0.90 | 11.85 | 70.67 | 82.52 | OK | |
r-release-linux-x86_64 | 0.90 | 5.73 | 71.00 | 76.73 | OK | |
r-release-macos-arm64 | 0.90 | 43.00 | OK | |||
r-release-macos-x86_64 | 0.90 | 70.00 | OK | |||
r-release-windows-x86_64 | 0.90 | 8.00 | 88.00 | 96.00 | OK | |
r-oldrel-macos-arm64 | 0.90 | 36.00 | OK | |||
r-oldrel-macos-x86_64 | 0.90 | 51.00 | OK | |||
r-oldrel-windows-x86_64 | 0.90 | 10.00 | 83.00 | 93.00 | OK |
Version: 0.90
Check: Rd files
Result: NOTE
checkRd: (-1) get_temp.Rd:18: Lost braces
18 | \item{seed}{a seed value for \code{digest::digest}. If code{NULL}, a random
| ^
Flavors: r-devel-linux-x86_64-debian-clang, r-devel-linux-x86_64-debian-gcc
Version: 0.90
Check: Rd \usage sections
Result: NOTE
Documented arguments not in \usage in Rd file 'add_docid.Rd':
‘impute_types’
Documented arguments not in \usage in Rd file 'texts.Rd':
‘spacer’
Functions with \usage entries need to have the appropriate \alias
entries, and all their arguments documented.
The \usage entries must correspond to syntactically valid R code.
See chapter ‘Writing R documentation files’ in the ‘Writing R
Extensions’ manual.
Flavors: r-devel-linux-x86_64-debian-clang, r-devel-linux-x86_64-debian-gcc, r-devel-linux-x86_64-fedora-clang, r-devel-linux-x86_64-fedora-gcc, r-devel-windows-x86_64
Version: 0.90
Check: data for non-ASCII characters
Result: NOTE
Note: found 1 marked Latin-1 string
Note: found 1 marked UTF-8 string
Note: found 7 strings marked as "bytes"
Flavors: r-devel-linux-x86_64-fedora-clang, r-devel-linux-x86_64-fedora-gcc