CRAN Package Check Results for Package readsdr

Last updated on 2023-11-28 04:57:30 CET.

Flavor Version Tinstall Tcheck Ttotal Status Flags
r-devel-linux-x86_64-debian-clang 0.2.0 3.62 49.58 53.20 NOTE
r-devel-linux-x86_64-debian-gcc 0.2.0 2.85 37.57 40.42 NOTE
r-devel-linux-x86_64-fedora-clang 0.2.0 67.62 NOTE
r-devel-linux-x86_64-fedora-gcc 0.2.0 76.37 NOTE
r-devel-windows-x86_64 0.2.0 5.00 66.00 71.00 NOTE
r-patched-linux-x86_64 0.2.0 4.11 47.08 51.19 NOTE
r-release-linux-x86_64 0.2.0 3.63 47.86 51.49 NOTE
r-release-macos-arm64 0.2.0 32.00 NOTE
r-release-macos-x86_64 0.2.0 39.00 NOTE
r-release-windows-x86_64 0.2.0 6.00 70.00 76.00 NOTE
r-oldrel-macos-arm64 0.2.0 23.00 NOTE
r-oldrel-macos-x86_64 0.2.0 40.00 NOTE
r-oldrel-windows-x86_64 0.2.0 7.00 65.00 72.00 NOTE

Check Details

Version: 0.2.0
Check: package subdirectories
Result: NOTE Problems with news in ‘NEWS.md’: No news entries found. Flavors: r-devel-linux-x86_64-debian-clang, r-devel-linux-x86_64-debian-gcc, r-devel-linux-x86_64-fedora-clang, r-devel-linux-x86_64-fedora-gcc, r-devel-windows-x86_64, r-patched-linux-x86_64, r-release-linux-x86_64, r-release-macos-arm64, r-release-macos-x86_64, r-release-windows-x86_64

Version: 0.2.0
Check: LazyData
Result: NOTE 'LazyData' is specified without a 'data' directory Flavors: r-devel-linux-x86_64-debian-clang, r-devel-linux-x86_64-debian-gcc, r-devel-linux-x86_64-fedora-clang, r-devel-linux-x86_64-fedora-gcc, r-devel-windows-x86_64, r-patched-linux-x86_64, r-release-linux-x86_64, r-release-macos-arm64, r-release-macos-x86_64, r-release-windows-x86_64, r-oldrel-macos-arm64, r-oldrel-macos-x86_64, r-oldrel-windows-x86_64