CRAN Package Check Results for Package readr

Last updated on 2023-10-02 05:58:08 CEST.

Flavor Version Tinstall Tcheck Ttotal Status Flags
r-devel-linux-x86_64-debian-clang 2.1.4 74.30 126.55 200.85 OK
r-devel-linux-x86_64-debian-gcc 2.1.4 56.57 94.13 150.70 OK
r-devel-linux-x86_64-fedora-clang 2.1.4 279.22 NOTE
r-devel-linux-x86_64-fedora-gcc 2.1.4 279.13 OK
r-devel-windows-x86_64 2.1.4 71.00 147.00 218.00 OK
r-patched-linux-x86_64 2.1.4 89.99 118.33 208.32 OK
r-release-linux-x86_64 2.1.4 82.30 121.31 203.61 OK
r-release-macos-arm64 2.1.4 108.00 NOTE
r-release-macos-x86_64 2.1.4 160.00 NOTE
r-release-windows-x86_64 2.1.4 87.00 171.00 258.00 OK
r-oldrel-macos-arm64 2.1.4 97.00 NOTE
r-oldrel-macos-x86_64 2.1.4 121.00 OK
r-oldrel-windows-x86_64 2.1.4 82.00 163.00 245.00 OK

Check Details

Version: 2.1.4
Check: Rd cross-references
Result: NOTE
    Undeclared packages ‘tidyselect’, ‘vctrs’ in Rd xrefs
Flavor: r-devel-linux-x86_64-fedora-clang

Version: 2.1.4
Check: installed package size
Result: NOTE
     installed size is 5.4Mb
     sub-directories of 1Mb or more:
     libs 4.5Mb
Flavors: r-release-macos-arm64, r-release-macos-x86_64, r-oldrel-macos-arm64