CRAN Package Check Results for Package readit

Last updated on 2024-06-14 05:58:36 CEST.

Flavor Version Tinstall Tcheck Ttotal Status Flags
r-devel-linux-x86_64-debian-clang 1.0.0 5.25 50.11 55.36 NOTE
r-devel-linux-x86_64-debian-gcc 1.0.0 0.26 1.73 1.99 ERROR
r-devel-linux-x86_64-fedora-clang 1.0.0 68.29 NOTE
r-devel-linux-x86_64-fedora-gcc 1.0.0 64.37 NOTE
r-devel-windows-x86_64 1.0.0 5.00 57.00 62.00 NOTE
r-patched-linux-x86_64 1.0.0 2.96 47.77 50.73 NOTE
r-release-linux-x86_64 1.0.0 3.12 48.81 51.93 NOTE
r-release-macos-arm64 1.0.0 24.00 NOTE
r-release-macos-x86_64 1.0.0 34.00 NOTE
r-release-windows-x86_64 1.0.0 5.00 58.00 63.00 NOTE
r-oldrel-macos-arm64 1.0.0 29.00 NOTE
r-oldrel-macos-x86_64 1.0.0 40.00 NOTE
r-oldrel-windows-x86_64 1.0.0 7.00 60.00 67.00 NOTE

Check Details

Version: 1.0.0
Check: LazyData
Result: NOTE 'LazyData' is specified without a 'data' directory Flavors: r-devel-linux-x86_64-debian-clang, r-devel-linux-x86_64-fedora-clang, r-devel-linux-x86_64-fedora-gcc, r-devel-windows-x86_64, r-patched-linux-x86_64, r-release-linux-x86_64, r-release-macos-arm64, r-release-macos-x86_64, r-release-windows-x86_64, r-oldrel-macos-arm64, r-oldrel-macos-x86_64, r-oldrel-windows-x86_64

Version: 1.0.0
Check: package dependencies
Result: ERROR Packages required but not available: 'haven', 'readr', 'readxl' Packages suggested but not available for checking: 'devtools', 'dplyr', 'testthat' See section ‘The DESCRIPTION file’ in the ‘Writing R Extensions’ manual. Flavor: r-devel-linux-x86_64-debian-gcc