CRAN Package Check Results for Package readOffice

Last updated on 2024-03-04 04:51:40 CET.

Flavor Version Tinstall Tcheck Ttotal Status Flags
r-devel-linux-x86_64-debian-clang 0.2.2 2.28 23.70 25.98 NOTE
r-devel-linux-x86_64-debian-gcc 0.2.2 1.86 18.04 19.90 NOTE
r-devel-linux-x86_64-fedora-clang 0.2.2 31.28 NOTE
r-devel-linux-x86_64-fedora-gcc 0.2.2 31.94 NOTE
r-devel-windows-x86_64 0.2.2 4.00 40.00 44.00 NOTE
r-patched-linux-x86_64 0.2.2 1.96 23.00 24.96 NOTE
r-release-linux-x86_64 0.2.2 2.31 22.85 25.16 NOTE
r-release-macos-arm64 0.2.2 15.00 NOTE
r-release-macos-x86_64 0.2.2 19.00 NOTE
r-release-windows-x86_64 0.2.2 5.00 39.00 44.00 NOTE
r-oldrel-macos-arm64 0.2.2 14.00 NOTE
r-oldrel-windows-x86_64 0.2.2 5.00 44.00 49.00 NOTE

Check Details

Version: 0.2.2
Check: LazyData
Result: NOTE 'LazyData' is specified without a 'data' directory Flavors: r-devel-linux-x86_64-debian-clang, r-devel-linux-x86_64-debian-gcc, r-devel-linux-x86_64-fedora-clang, r-devel-linux-x86_64-fedora-gcc, r-devel-windows-x86_64, r-patched-linux-x86_64, r-release-linux-x86_64, r-release-macos-arm64, r-release-macos-x86_64, r-release-windows-x86_64, r-oldrel-macos-arm64, r-oldrel-windows-x86_64