CRAN Package Check Results for Package rdrobust

Last updated on 2024-06-13 05:59:17 CEST.

Flavor Version Tinstall Tcheck Ttotal Status Flags
r-devel-linux-x86_64-debian-clang 2.2 8.21 76.28 84.49 OK
r-devel-linux-x86_64-debian-gcc 2.2 0.33 1.56 1.89 ERROR
r-devel-linux-x86_64-fedora-clang 2.2 107.33 OK
r-devel-linux-x86_64-fedora-gcc 2.2 99.78 OK
r-devel-windows-x86_64 2.2 10.00 69.00 79.00 OK
r-patched-linux-x86_64 2.2 12.48 70.87 83.35 OK
r-release-linux-x86_64 2.2 14.15 70.18 84.33 OK
r-release-macos-arm64 2.2 29.00 OK
r-release-macos-x86_64 2.2 46.00 OK
r-release-windows-x86_64 2.2 11.00 70.00 81.00 OK
r-oldrel-macos-arm64 2.2 32.00 OK
r-oldrel-macos-x86_64 2.2 77.00 OK
r-oldrel-windows-x86_64 2.2 15.00 80.00 95.00 OK

Check Details

Version: 2.2
Check: package dependencies
Result: ERROR Package required but not available: ‘ggplot2’ See section ‘The DESCRIPTION file’ in the ‘Writing R Extensions’ manual. Flavor: r-devel-linux-x86_64-debian-gcc