CRAN Package Check Results for Package rdist

Last updated on 2024-02-29 04:54:25 CET.

Flavor Version Tinstall Tcheck Ttotal Status Flags
r-devel-linux-x86_64-debian-clang 0.0.5 166.23 32.96 199.19 NOTE
r-devel-linux-x86_64-debian-gcc 0.0.5 124.45 25.59 150.04 NOTE
r-devel-linux-x86_64-fedora-clang 0.0.5 302.77 NOTE
r-devel-linux-x86_64-fedora-gcc 0.0.5 292.39 NOTE
r-devel-windows-x86_64 0.0.5 117.00 64.00 181.00 NOTE
r-patched-linux-x86_64 0.0.5 147.70 32.43 180.13 NOTE
r-release-linux-x86_64 0.0.5 155.05 32.87 187.92 NOTE
r-release-macos-arm64 0.0.5 59.00 NOTE
r-release-macos-x86_64 0.0.5 108.00 NOTE
r-release-windows-x86_64 0.0.5 153.00 75.00 228.00 NOTE
r-oldrel-macos-arm64 0.0.5 56.00 NOTE
r-oldrel-windows-x86_64 0.0.5 145.00 74.00 219.00 NOTE

Check Details

Version: 0.0.5
Check: Rd files
Result: NOTE checkRd: (-1) farthest_point_sampling.Rd:28: Lost braces; missing escapes or markup? 28 | space P = {p_1, ..., p_k}, such that each p_i is the farthest | ^ Flavors: r-devel-linux-x86_64-debian-clang, r-devel-linux-x86_64-debian-gcc, r-devel-linux-x86_64-fedora-clang, r-devel-linux-x86_64-fedora-gcc

Version: 0.0.5
Check: LazyData
Result: NOTE 'LazyData' is specified without a 'data' directory Flavors: r-devel-linux-x86_64-debian-clang, r-devel-linux-x86_64-debian-gcc, r-devel-linux-x86_64-fedora-clang, r-devel-linux-x86_64-fedora-gcc, r-devel-windows-x86_64, r-patched-linux-x86_64, r-release-linux-x86_64, r-release-macos-arm64, r-release-macos-x86_64, r-release-windows-x86_64, r-oldrel-macos-arm64, r-oldrel-windows-x86_64