Last updated on 2023-12-02 04:52:26 CET.
Flavor | Version | Tinstall | Tcheck | Ttotal | Status | Flags |
---|---|---|---|---|---|---|
r-devel-linux-x86_64-debian-clang | 1.0.0 | 3.81 | 45.41 | 49.22 | NOTE | |
r-devel-linux-x86_64-debian-gcc | 1.0.0 | 3.58 | 33.64 | 37.22 | NOTE | |
r-devel-linux-x86_64-fedora-clang | 1.0.0 | 62.09 | NOTE | |||
r-devel-linux-x86_64-fedora-gcc | 1.0.0 | 58.50 | NOTE | |||
r-devel-windows-x86_64 | 1.0.0 | 5.00 | 54.00 | 59.00 | NOTE | |
r-patched-linux-x86_64 | 1.0.0 | 4.97 | 45.23 | 50.20 | NOTE | |
r-release-linux-x86_64 | 1.0.0 | 3.95 | 44.03 | 47.98 | NOTE | |
r-release-macos-arm64 | 1.0.0 | 21.00 | NOTE | |||
r-release-macos-x86_64 | 1.0.0 | 28.00 | NOTE | |||
r-release-windows-x86_64 | 1.0.0 | 6.00 | 60.00 | 66.00 | NOTE | |
r-oldrel-macos-arm64 | 1.0.0 | 20.00 | NOTE | |||
r-oldrel-macos-x86_64 | 1.0.0 | 29.00 | NOTE | |||
r-oldrel-windows-x86_64 | 1.0.0 | 6.00 | 62.00 | 68.00 | NOTE |
Version: 1.0.0
Check: LazyData
Result: NOTE
'LazyData' is specified without a 'data' directory
Flavors: r-devel-linux-x86_64-debian-clang, r-devel-linux-x86_64-debian-gcc, r-devel-linux-x86_64-fedora-clang, r-devel-linux-x86_64-fedora-gcc, r-devel-windows-x86_64, r-patched-linux-x86_64, r-release-linux-x86_64, r-release-macos-arm64, r-release-macos-x86_64, r-release-windows-x86_64, r-oldrel-macos-arm64, r-oldrel-macos-x86_64, r-oldrel-windows-x86_64