CRAN Package Check Results for Package rdi

Last updated on 2024-07-19 05:57:43 CEST.

Flavor Version Tinstall Tcheck Ttotal Status Flags
r-devel-linux-x86_64-debian-clang 1.0.0 3.08 46.81 49.89 NOTE
r-devel-linux-x86_64-debian-gcc 1.0.0 3.34 34.90 38.24 NOTE
r-devel-linux-x86_64-fedora-clang 1.0.0 62.13 NOTE
r-devel-linux-x86_64-fedora-gcc 1.0.0 59.95 NOTE
r-devel-windows-x86_64 1.0.0 6.00 55.00 61.00 NOTE
r-patched-linux-x86_64 1.0.0 3.31 44.90 48.21 NOTE
r-release-linux-x86_64 1.0.0 3.38 45.01 48.39 NOTE
r-release-macos-arm64 1.0.0 19.00 NOTE
r-release-macos-x86_64 1.0.0 30.00 NOTE
r-release-windows-x86_64 1.0.0 5.00 54.00 59.00 NOTE
r-oldrel-macos-arm64 1.0.0 21.00 NOTE
r-oldrel-macos-x86_64 1.0.0 28.00 NOTE
r-oldrel-windows-x86_64 1.0.0 6.00 60.00 66.00 NOTE

Check Details

Version: 1.0.0
Check: LazyData
Result: NOTE 'LazyData' is specified without a 'data' directory Flavors: r-devel-linux-x86_64-debian-clang, r-devel-linux-x86_64-debian-gcc, r-devel-linux-x86_64-fedora-clang, r-devel-linux-x86_64-fedora-gcc, r-devel-windows-x86_64, r-patched-linux-x86_64, r-release-linux-x86_64, r-release-macos-arm64, r-release-macos-x86_64, r-release-windows-x86_64, r-oldrel-macos-arm64, r-oldrel-macos-x86_64, r-oldrel-windows-x86_64