Last updated on 2023-12-09 04:51:04 CET.
Flavor | Version | Tinstall | Tcheck | Ttotal | Status | Flags |
---|---|---|---|---|---|---|
r-devel-linux-x86_64-debian-clang | 0.6.4 | 5.68 | 53.84 | 59.52 | NOTE | |
r-devel-linux-x86_64-debian-gcc | 0.6.4 | 5.07 | 39.92 | 44.99 | NOTE | |
r-devel-linux-x86_64-fedora-clang | 0.6.4 | 72.17 | NOTE | |||
r-devel-linux-x86_64-fedora-gcc | 0.6.4 | 80.20 | NOTE | |||
r-devel-windows-x86_64 | 0.6.4 | 7.00 | 84.00 | 91.00 | NOTE | |
r-patched-linux-x86_64 | 0.6.4 | 5.90 | 51.01 | 56.91 | NOTE | |
r-release-linux-x86_64 | 0.6.4 | 5.84 | 50.47 | 56.31 | NOTE | |
r-release-macos-arm64 | 0.6.4 | 39.00 | NOTE | |||
r-release-macos-x86_64 | 0.6.4 | 51.00 | NOTE | |||
r-release-windows-x86_64 | 0.6.4 | 7.00 | 87.00 | 94.00 | NOTE | |
r-oldrel-macos-arm64 | 0.6.4 | 33.00 | NOTE | |||
r-oldrel-macos-x86_64 | 0.6.4 | 44.00 | NOTE | |||
r-oldrel-windows-x86_64 | 0.6.4 | 9.00 | 85.00 | 94.00 | NOTE |
Version: 0.6.4
Check: LazyData
Result: NOTE
'LazyData' is specified without a 'data' directory
Flavors: r-devel-linux-x86_64-debian-clang, r-devel-linux-x86_64-debian-gcc, r-devel-linux-x86_64-fedora-clang, r-devel-linux-x86_64-fedora-gcc, r-devel-windows-x86_64, r-patched-linux-x86_64, r-release-linux-x86_64, r-release-macos-arm64, r-release-macos-x86_64, r-release-windows-x86_64, r-oldrel-macos-arm64, r-oldrel-macos-x86_64, r-oldrel-windows-x86_64