Last updated on 2023-12-09 04:51:04 CET.
Flavor | Version | Tinstall | Tcheck | Ttotal | Status | Flags |
---|---|---|---|---|---|---|
r-devel-linux-x86_64-debian-clang | 1.8.8 | 4.46 | 37.73 | 42.19 | NOTE | |
r-devel-linux-x86_64-debian-gcc | 1.8.8 | 3.18 | 29.22 | 32.40 | NOTE | |
r-devel-linux-x86_64-fedora-clang | 1.8.8 | 53.62 | NOTE | |||
r-devel-linux-x86_64-fedora-gcc | 1.8.8 | 50.73 | NOTE | |||
r-devel-windows-x86_64 | 1.8.8 | 4.00 | 54.00 | 58.00 | NOTE | |
r-patched-linux-x86_64 | 1.8.8 | 4.20 | 37.48 | 41.68 | NOTE | |
r-release-linux-x86_64 | 1.8.8 | 2.91 | 36.96 | 39.87 | NOTE | |
r-release-macos-arm64 | 1.8.8 | 21.00 | NOTE | |||
r-release-macos-x86_64 | 1.8.8 | 29.00 | NOTE | |||
r-release-windows-x86_64 | 1.8.8 | 5.00 | 56.00 | 61.00 | NOTE | |
r-oldrel-macos-arm64 | 1.8.8 | 21.00 | NOTE | |||
r-oldrel-macos-x86_64 | 1.8.8 | 30.00 | NOTE | |||
r-oldrel-windows-x86_64 | 1.8.8 | 5.00 | 61.00 | 66.00 | NOTE |
Version: 1.8.8
Check: package dependencies
Result: NOTE
Package suggested but not available for checking: ‘rrelaxiv’
Flavors: r-devel-linux-x86_64-debian-clang, r-devel-linux-x86_64-debian-gcc, r-devel-linux-x86_64-fedora-clang, r-devel-linux-x86_64-fedora-gcc, r-devel-windows-x86_64, r-patched-linux-x86_64, r-release-linux-x86_64, r-release-macos-arm64, r-release-macos-x86_64, r-release-windows-x86_64, r-oldrel-macos-arm64, r-oldrel-macos-x86_64, r-oldrel-windows-x86_64