Last updated on 2023-12-04 05:09:17 CET.
Flavor | Version | Tinstall | Tcheck | Ttotal | Status | Flags |
---|---|---|---|---|---|---|
r-devel-linux-x86_64-debian-clang | 1.2.6 | 192.63 | 359.33 | 551.96 | NOTE | |
r-devel-linux-x86_64-debian-gcc | 1.2.6 | 158.31 | 270.33 | 428.64 | NOTE | |
r-devel-linux-x86_64-fedora-clang | 1.2.6 | 678.22 | NOTE | |||
r-devel-linux-x86_64-fedora-gcc | 1.2.6 | 734.68 | NOTE | |||
r-devel-windows-x86_64 | 1.2.6 | 148.00 | 336.00 | 484.00 | NOTE | |
r-patched-linux-x86_64 | 1.2.6 | 123.04 | 356.45 | 479.49 | NOTE | |
r-release-linux-x86_64 | 1.2.6 | 143.50 | 355.42 | 498.92 | NOTE | |
r-release-macos-arm64 | 1.2.6 | 178.00 | NOTE | |||
r-release-macos-x86_64 | 1.2.6 | 491.00 | NOTE | |||
r-release-windows-x86_64 | 1.2.6 | 188.00 | 417.00 | 605.00 | NOTE | |
r-oldrel-macos-arm64 | 1.2.6 | 176.00 | NOTE | |||
r-oldrel-macos-x86_64 | 1.2.5 | 307.00 | NOTE | |||
r-oldrel-windows-x86_64 | 1.2.6 | 181.00 | 401.00 | 582.00 | NOTE |
Version: 1.2.6
Check: for GNU extensions in Makefiles
Result: NOTE
GNU make is a SystemRequirements.
Flavors: r-devel-linux-x86_64-debian-clang, r-devel-linux-x86_64-debian-gcc, r-devel-linux-x86_64-fedora-clang, r-devel-linux-x86_64-fedora-gcc, r-devel-windows-x86_64, r-patched-linux-x86_64, r-release-linux-x86_64, r-release-macos-arm64, r-release-macos-x86_64, r-release-windows-x86_64, r-oldrel-macos-arm64, r-oldrel-windows-x86_64
Version: 1.2.6
Check: installed package size
Result: NOTE
installed size is 44.2Mb
sub-directories of 1Mb or more:
libs 42.9Mb
Flavors: r-release-macos-arm64, r-release-macos-x86_64, r-oldrel-macos-arm64
Version: 1.2.5
Check: installed package size
Result: NOTE
installed size is 48.5Mb
sub-directories of 1Mb or more:
libs 47.3Mb
Flavor: r-oldrel-macos-x86_64
Version: 1.2.5
Check: for GNU extensions in Makefiles
Result: NOTE
GNU make is a SystemRequirements.
Flavor: r-oldrel-macos-x86_64