Last updated on 2023-12-08 05:02:14 CET.
Flavor | Version | Tinstall | Tcheck | Ttotal | Status | Flags |
---|---|---|---|---|---|---|
r-devel-linux-x86_64-debian-clang | 1.3.1 | 517.50 | 227.67 | 745.17 | NOTE | |
r-devel-linux-x86_64-debian-gcc | 1.3.1 | 418.58 | 196.97 | 615.55 | NOTE | |
r-devel-linux-x86_64-fedora-clang | 1.3.1 | 939.01 | NOTE | |||
r-devel-linux-x86_64-fedora-gcc | 1.3.1 | 1181.82 | NOTE | |||
r-devel-windows-x86_64 | 1.3.1 | 381.00 | 221.00 | 602.00 | NOTE | |
r-patched-linux-x86_64 | 1.3.1 | 376.44 | 260.34 | 636.78 | NOTE | |
r-release-linux-x86_64 | 1.3.1 | 372.24 | 252.81 | 625.05 | NOTE | |
r-release-macos-arm64 | 1.3.1 | 428.00 | NOTE | |||
r-release-macos-x86_64 | 1.3.1 | 583.00 | NOTE | |||
r-release-windows-x86_64 | 1.3.1 | 499.00 | 278.00 | 777.00 | NOTE | |
r-oldrel-macos-arm64 | 1.3.1 | 293.00 | NOTE | |||
r-oldrel-macos-x86_64 | 1.3.1 | 398.00 | NOTE | |||
r-oldrel-windows-x86_64 | 1.3.1 | 458.00 | 254.00 | 712.00 | NOTE |
Version: 1.3.1
Check: Rd files
Result: NOTE
checkRd: (-1) as_mcmc.list.Rd:5: Lost braces; missing escapes or markup?
5 | \title{Convert a rater_fit object to a {coda} \code{mcmc.list} object.}
| ^
checkRd: (-1) as_mcmc.list.Rd:16: Lost braces; missing escapes or markup?
16 | Convert a rater_fit object to a {coda} \code{mcmc.list} object.
| ^
checkRd: (-1) as_mcmc.list.Rd:13: Lost braces; missing escapes or markup?
13 | A {coda} mcmc.list object.
| ^
Flavors: r-devel-linux-x86_64-debian-clang, r-devel-linux-x86_64-debian-gcc
Version: 1.3.1
Check: for GNU extensions in Makefiles
Result: NOTE
GNU make is a SystemRequirements.
Flavors: r-devel-linux-x86_64-debian-clang, r-devel-linux-x86_64-debian-gcc, r-devel-linux-x86_64-fedora-clang, r-devel-linux-x86_64-fedora-gcc, r-devel-windows-x86_64, r-patched-linux-x86_64, r-release-linux-x86_64, r-release-macos-arm64, r-release-macos-x86_64, r-release-windows-x86_64, r-oldrel-macos-arm64, r-oldrel-macos-x86_64, r-oldrel-windows-x86_64
Version: 1.3.1
Check: installed package size
Result: NOTE
installed size is 5.9Mb
sub-directories of 1Mb or more:
libs 5.1Mb
Flavors: r-devel-linux-x86_64-fedora-clang, r-devel-windows-x86_64, r-release-macos-arm64, r-release-macos-x86_64, r-release-windows-x86_64, r-oldrel-macos-arm64, r-oldrel-macos-x86_64, r-oldrel-windows-x86_64