CRAN Package Check Results for Package rasterImage

Last updated on 2024-07-15 05:49:11 CEST.

Flavor Version Tinstall Tcheck Ttotal Status Flags
r-devel-linux-x86_64-debian-clang 0.4.0 1.77 22.08 23.85 NOTE
r-devel-linux-x86_64-debian-gcc 0.4.0 1.74 17.34 19.08 NOTE
r-devel-linux-x86_64-fedora-clang 0.4.0 31.35 NOTE
r-devel-linux-x86_64-fedora-gcc 0.4.0 29.06 NOTE
r-devel-windows-x86_64 0.4.0 3.00 39.00 42.00 NOTE
r-patched-linux-x86_64 0.4.0 2.22 21.28 23.50 NOTE
r-release-linux-x86_64 0.4.0 1.62 21.34 22.96 NOTE
r-release-macos-arm64 0.4.0 13.00 NOTE
r-release-macos-x86_64 0.4.0 18.00 NOTE
r-release-windows-x86_64 0.4.0 3.00 38.00 41.00 NOTE
r-oldrel-macos-arm64 0.4.0 15.00 NOTE
r-oldrel-macos-x86_64 0.4.0 19.00 NOTE
r-oldrel-windows-x86_64 0.4.0 3.00 39.00 42.00 NOTE

Check Details

Version: 0.4.0
Check: LazyData
Result: NOTE 'LazyData' is specified without a 'data' directory Flavors: r-devel-linux-x86_64-debian-clang, r-devel-linux-x86_64-debian-gcc, r-devel-linux-x86_64-fedora-clang, r-devel-linux-x86_64-fedora-gcc, r-devel-windows-x86_64, r-patched-linux-x86_64, r-release-linux-x86_64, r-release-macos-arm64, r-release-macos-x86_64, r-release-windows-x86_64, r-oldrel-macos-arm64, r-oldrel-macos-x86_64, r-oldrel-windows-x86_64