CRAN Package Check Results for Package rasterImage

Last updated on 2023-09-27 06:02:17 CEST.

Flavor Version Tinstall Tcheck Ttotal Status Flags
r-devel-linux-x86_64-debian-clang 0.4.0 2.18 21.58 23.76 NOTE
r-devel-linux-x86_64-debian-gcc 0.4.0 1.52 16.87 18.39 NOTE
r-devel-linux-x86_64-fedora-clang 0.4.0 29.57 NOTE
r-devel-linux-x86_64-fedora-gcc 0.4.0 28.63 NOTE
r-devel-windows-x86_64 0.4.0 2.00 40.00 42.00 NOTE
r-patched-linux-x86_64 0.4.0 2.33 21.07 23.40 NOTE
r-release-linux-x86_64 0.4.0 2.18 21.18 23.36 NOTE
r-release-macos-arm64 0.4.0 15.00 NOTE
r-release-macos-x86_64 0.4.0 19.00 NOTE
r-release-windows-x86_64 0.4.0 3.00 44.00 47.00 NOTE
r-oldrel-macos-arm64 0.4.0 21.00 NOTE
r-oldrel-macos-x86_64 0.4.0 19.00 NOTE
r-oldrel-windows-x86_64 0.4.0 7.00 46.00 53.00 NOTE

Check Details

Version: 0.4.0
Check: LazyData
Result: NOTE
     'LazyData' is specified without a 'data' directory
Flavors: r-devel-linux-x86_64-debian-clang, r-devel-linux-x86_64-debian-gcc, r-devel-linux-x86_64-fedora-clang, r-devel-linux-x86_64-fedora-gcc, r-devel-windows-x86_64, r-patched-linux-x86_64, r-release-linux-x86_64, r-release-macos-arm64, r-release-macos-x86_64, r-release-windows-x86_64, r-oldrel-macos-arm64, r-oldrel-macos-x86_64, r-oldrel-windows-x86_64